CRAN Package Check Results for Package mirtjml

Last updated on 2024-02-27 06:02:13 CET.

Flavor Version Tinstall Tcheck Ttotal Status Flags
r-devel-linux-x86_64-debian-clang 1.4.0 62.57 33.54 96.11 NOTE
r-devel-linux-x86_64-debian-gcc 1.4.0 48.92 25.69 74.61 NOTE
r-devel-linux-x86_64-fedora-clang 1.4.0 148.30 NOTE
r-devel-linux-x86_64-fedora-gcc 1.4.0 147.55 NOTE
r-devel-windows-x86_64 1.4.0 50.00 81.00 131.00 NOTE
r-patched-linux-x86_64 1.4.0 66.98 32.82 99.80 NOTE
r-release-linux-x86_64 1.4.0 71.71 32.49 104.20 NOTE
r-release-macos-arm64 1.4.0 39.00 NOTE
r-release-macos-x86_64 1.4.0 70.00 NOTE
r-release-windows-x86_64 1.4.0 66.00 83.00 149.00 NOTE
r-oldrel-macos-arm64 1.4.0 48.00 OK
r-oldrel-windows-x86_64 1.4.0 66.00 78.00 144.00 OK

Check Details

Version: 1.4.0
Check: C++ specification
Result: NOTE Specified C++11: please drop specification unless essential Flavors: r-devel-linux-x86_64-debian-clang, r-devel-linux-x86_64-debian-gcc, r-devel-linux-x86_64-fedora-clang, r-devel-linux-x86_64-fedora-gcc, r-devel-windows-x86_64, r-patched-linux-x86_64, r-release-linux-x86_64, r-release-macos-arm64, r-release-macos-x86_64, r-release-windows-x86_64

Version: 1.4.0
Check: package subdirectories
Result: NOTE Problems with news in ‘NEWS.md’: No news entries found. Flavors: r-devel-linux-x86_64-debian-clang, r-devel-linux-x86_64-debian-gcc, r-devel-linux-x86_64-fedora-clang, r-devel-linux-x86_64-fedora-gcc, r-devel-windows-x86_64, r-patched-linux-x86_64, r-release-linux-x86_64, r-release-macos-arm64, r-release-macos-x86_64, r-release-windows-x86_64