CRAN Package Check Results for Package misc3d

Last updated on 2019-08-25 10:46:23 CEST.

Flavor Version Tinstall Tcheck Ttotal Status Flags
r-devel-linux-x86_64-debian-clang 0.8-4 3.96 37.01 40.97 NOTE
r-devel-linux-x86_64-debian-gcc 0.8-4 3.84 29.38 33.22 NOTE
r-devel-linux-x86_64-fedora-clang 0.8-4 51.21 NOTE
r-devel-linux-x86_64-fedora-gcc 0.8-4 50.55 NOTE
r-devel-windows-ix86+x86_64 0.8-4 7.00 69.00 76.00 NOTE
r-patched-linux-x86_64 0.8-4 4.16 36.89 41.05 NOTE
r-patched-solaris-x86 0.8-4 79.90 NOTE
r-release-linux-x86_64 0.8-4 3.93 37.18 41.11 NOTE
r-release-windows-ix86+x86_64 0.8-4 8.00 84.00 92.00 NOTE
r-release-osx-x86_64 0.8-4 NOTE
r-oldrel-windows-ix86+x86_64 0.8-4 13.00 70.00 83.00 NOTE
r-oldrel-osx-x86_64 0.8-4 NOTE

Check Details

Version: 0.8-4
Check: dependencies in R code
Result: NOTE
    'library' or 'require' calls in package code:
     'rgl' 'tkrplot'
     Please use :: or requireNamespace() instead.
     See section 'Suggested packages' in the 'Writing R Extensions' manual.
    There are ::: calls to the package's namespace in its code. A package
     almost never needs to use ::: for its own objects:
     'canonicalizeAndMergeScene' 'colorScene' 't2ve' 'vertexNormals'
     'vertexTriangles'
Flavors: r-devel-linux-x86_64-debian-clang, r-devel-linux-x86_64-debian-gcc, r-devel-linux-x86_64-fedora-clang, r-devel-linux-x86_64-fedora-gcc, r-devel-windows-ix86+x86_64, r-patched-linux-x86_64, r-patched-solaris-x86, r-release-linux-x86_64, r-release-windows-ix86+x86_64, r-release-osx-x86_64, r-oldrel-windows-ix86+x86_64, r-oldrel-osx-x86_64

Version: 0.8-4
Check: R code for possible problems
Result: NOTE
    drawScene.rgl: no visible global function definition for 'rgl.cur'
    drawScene.rgl: no visible global function definition for 'open3d'
    drawScene.rgl: no visible global function definition for 'clear3d'
    drawScene.rgl: no visible global function definition for 'triangles3d'
    image3d: no visible global function definition for 'quantile'
    image3d: no visible global function definition for 'heat.colors'
    image3d: no visible global function definition for 'clear3d'
    image3d: no visible global function definition for 'runif'
    image3d: no visible global function definition for 'sprites3d'
    image3d: no visible global function definition for 'points3d'
    interpolateVertexColors: no visible global function definition for
     'rgb'
    kde3d: no visible binding for global variable 'dnorm'
    perspLighting: no visible global function definition for 'col2rgb'
    perspLighting: no visible global function definition for 'rgb'
    phongLighting: no visible global function definition for 'col2rgb'
    phongLighting: no visible global function definition for 'rgb'
    render.standard: no visible global function definition for 'plot'
    render.standard: no visible global function definition for 'polygon'
    renderScene: no visible global function definition for 'col2rgb'
    renderScene: no visible global function definition for 'rgb'
    saveTrianglesAsASY: no visible global function definition for 'col2rgb'
    saveTrianglesAsIDTF: no visible global function definition for
     'col2rgb'
    slices3d: no visible global function definition for 'gray.colors'
    slices3d : mkimg : f: no visible global function definition for 'par'
    slices3d : mkimg : f: no visible global function definition for 'image'
    slices3d : mkimg : f: no visible global function definition for 'lines'
    slices3d : mkimg: no visible global function definition for 'tkrplot'
    slices3d : mkscale : f: no visible global function definition for
     'tclvalue'
    slices3d : mkscale : f: no visible global function definition for
     'tkrreplot'
    slices3d : mkscale : f: no visible global function definition for
     'tkconfigure'
    slices3d : mkscale: no visible global function definition for 'tkframe'
    slices3d : mkscale: no visible global function definition for 'tkscale'
    slices3d : mkscale: no visible global function definition for 'tklabel'
    slices3d : mkscale: no visible global function definition for 'tkgrid'
    slices3d : move: no visible global function definition for 'tkbind'
    slices3d : move : <anonymous>: no visible global function definition
     for 'tkwinfo'
    slices3d : move : <anonymous>: no visible global function definition
     for 'tkrreplot'
    slices3d : move : <anonymous>: no visible global function definition
     for 'tclvalue<-'
    slices3d : overlay: no visible global function definition for 'col2rgb'
    slices3d : overlay: no visible global function definition for 'rgb'
    slices3d: no visible global function definition for 'tktoplevel'
    slices3d: no visible global function definition for 'tktitle<-'
    slices3d: no visible binding for global variable 'tclVar'
    slices3d: no visible global function definition for 'tkgrid'
    vertexColors: no visible global function definition for 'col2rgb'
    Undefined global functions or variables:
     clear3d col2rgb dnorm gray.colors heat.colors image lines open3d par
     plot points3d polygon quantile rgb rgl.cur runif sprites3d tclVar
     tclvalue tclvalue<- tkbind tkconfigure tkframe tkgrid tklabel tkrplot
     tkrreplot tkscale tktitle<- tktoplevel tkwinfo triangles3d
    Consider adding
     importFrom("grDevices", "col2rgb", "gray.colors", "heat.colors", "rgb")
     importFrom("graphics", "image", "lines", "par", "plot", "polygon")
     importFrom("stats", "dnorm", "quantile", "runif")
    to your NAMESPACE file.
Flavors: r-devel-linux-x86_64-debian-clang, r-devel-linux-x86_64-debian-gcc, r-devel-linux-x86_64-fedora-clang, r-devel-linux-x86_64-fedora-gcc, r-devel-windows-ix86+x86_64, r-patched-linux-x86_64, r-patched-solaris-x86, r-release-linux-x86_64, r-release-windows-ix86+x86_64, r-release-osx-x86_64, r-oldrel-windows-ix86+x86_64, r-oldrel-osx-x86_64

Version: 0.8-4
Check: for non-standard things in the check directory
Result: NOTE
    Found the following files/directories:
     'nmix.off'
Flavors: r-devel-linux-x86_64-debian-clang, r-devel-linux-x86_64-debian-gcc, r-devel-linux-x86_64-fedora-clang, r-devel-linux-x86_64-fedora-gcc