CRAN Package Check Results for Package misc3d

Last updated on 2024-02-29 00:00:37 CET.

Flavor Version Tinstall Tcheck Ttotal Status Flags
r-devel-linux-x86_64-debian-clang 0.9-1 7.39 52.57 59.96 OK
r-devel-linux-x86_64-debian-gcc 0.9-1 5.30 39.51 44.81 OK
r-devel-linux-x86_64-fedora-clang 0.9-1 73.47 NOTE
r-devel-linux-x86_64-fedora-gcc 0.9-1 66.08 OK
r-devel-windows-x86_64 0.9-1 5.00 88.00 93.00 OK
r-patched-linux-x86_64 0.9-1 5.31 47.77 53.08 OK
r-release-linux-x86_64 0.9-1 5.31 48.17 53.48 OK
r-release-macos-arm64 0.9-1 29.00 OK
r-release-macos-x86_64 0.9-1 41.00 OK
r-release-windows-x86_64 0.9-1 7.00 76.00 83.00 OK
r-oldrel-macos-arm64 0.9-1 45.00 OK
r-oldrel-windows-x86_64 0.9-1 8.00 79.00 87.00 OK

Check Details

Version: 0.9-1
Check: Rd cross-references
Result: NOTE Undeclared package ‘scatterplot3d’ in Rd xrefs Flavor: r-devel-linux-x86_64-fedora-clang