CRAN Package Check Results for Package missForest

Last updated on 2018-08-20 11:48:48 CEST.

Flavor Version Tinstall Tcheck Ttotal Status Flags
r-devel-linux-x86_64-debian-clang 1.4 1.48 22.98 24.46 NOTE
r-devel-linux-x86_64-debian-gcc 1.4 1.39 18.67 20.06 NOTE
r-devel-linux-x86_64-fedora-clang 1.4 29.74 NOTE
r-devel-linux-x86_64-fedora-gcc 1.4 27.73 NOTE
r-devel-windows-ix86+x86_64 1.4 4.00 50.00 54.00 NOTE
r-patched-linux-x86_64 1.4 1.45 21.36 22.81 NOTE
r-patched-solaris-x86 1.4 44.40 NOTE
r-release-linux-x86_64 1.4 1.29 21.40 22.69 NOTE
r-release-windows-ix86+x86_64 1.4 5.00 34.00 39.00 NOTE
r-release-osx-x86_64 1.4 NOTE
r-oldrel-windows-ix86+x86_64 1.4 3.00 43.00 46.00 NOTE
r-oldrel-osx-x86_64 1.4 NOTE

Check Details

Version: 1.4
Check: R code for possible problems
Result: NOTE
    missForest: no visible global function definition for ‘predict’
    missForest: no visible global function definition for ‘idiv’
    missForest: no visible global function definition for ‘var’
    nrmse: no visible global function definition for ‘var’
    Undefined global functions or variables:
     idiv predict var
    Consider adding
     importFrom("stats", "predict", "var")
    to your NAMESPACE file.
Flavors: r-devel-linux-x86_64-debian-clang, r-devel-linux-x86_64-debian-gcc, r-devel-linux-x86_64-fedora-clang, r-devel-linux-x86_64-fedora-gcc, r-devel-windows-ix86+x86_64, r-patched-linux-x86_64, r-patched-solaris-x86, r-release-linux-x86_64, r-release-windows-ix86+x86_64, r-release-osx-x86_64, r-oldrel-windows-ix86+x86_64, r-oldrel-osx-x86_64