CRAN Package Check Results for Package missForest

Last updated on 2019-02-16 19:47:34 CET.

Flavor Version Tinstall Tcheck Ttotal Status Flags
r-devel-linux-x86_64-debian-clang 1.4 1.91 23.00 24.91 NOTE
r-devel-linux-x86_64-debian-gcc 1.4 1.55 18.48 20.03 NOTE
r-devel-linux-x86_64-fedora-clang 1.4 31.01 NOTE
r-devel-linux-x86_64-fedora-gcc 1.4 28.04 NOTE
r-devel-windows-ix86+x86_64 1.4 12.00 44.00 56.00 NOTE
r-patched-linux-x86_64 1.4 1.41 21.40 22.81 NOTE
r-patched-solaris-x86 1.4 43.20 NOTE
r-release-linux-x86_64 1.4 NOTE
r-release-windows-ix86+x86_64 1.4 3.00 50.00 53.00 NOTE
r-release-osx-x86_64 1.4 NOTE
r-oldrel-windows-ix86+x86_64 1.4 7.00 45.00 52.00 NOTE
r-oldrel-osx-x86_64 1.4 NOTE

Check Details

Version: 1.4
Check: R code for possible problems
Result: NOTE
    missForest: no visible global function definition for ‘predict’
    missForest: no visible global function definition for ‘idiv’
    missForest: no visible global function definition for ‘var’
    nrmse: no visible global function definition for ‘var’
    Undefined global functions or variables:
     idiv predict var
    Consider adding
     importFrom("stats", "predict", "var")
    to your NAMESPACE file.
Flavors: r-devel-linux-x86_64-debian-clang, r-devel-linux-x86_64-debian-gcc, r-devel-linux-x86_64-fedora-clang, r-devel-linux-x86_64-fedora-gcc, r-devel-windows-ix86+x86_64, r-patched-linux-x86_64, r-patched-solaris-x86, r-release-linux-x86_64, r-release-windows-ix86+x86_64, r-release-osx-x86_64, r-oldrel-windows-ix86+x86_64, r-oldrel-osx-x86_64