Last updated on 2021-04-16 23:48:09 CEST.
Flavor | Version | Tinstall | Tcheck | Ttotal | Status | Flags |
---|---|---|---|---|---|---|
r-devel-linux-x86_64-debian-clang | 1.18 | 11.30 | 82.34 | 93.64 | OK | |
r-devel-linux-x86_64-debian-gcc | 1.18 | 8.53 | 61.14 | 69.67 | OK | |
r-devel-linux-x86_64-fedora-clang | 1.18 | 118.43 | OK | |||
r-devel-linux-x86_64-fedora-gcc | 1.18 | 105.63 | OK | |||
r-devel-windows-ix86+x86_64 | 1.18 | 26.00 | 5.00 | 31.00 | ERROR | |
r-devel-windows-x86_64-gcc10-UCRT | 1.18 | OK | ||||
r-patched-linux-x86_64 | 1.18 | 10.11 | 76.24 | 86.35 | OK | |
r-patched-solaris-x86 | 1.18 | 150.90 | OK | |||
r-release-linux-x86_64 | 1.18 | 9.59 | 75.47 | 85.06 | OK | |
r-release-macos-x86_64 | 1.18 | OK | ||||
r-release-windows-ix86+x86_64 | 1.18 | 26.00 | 105.00 | 131.00 | OK | |
r-oldrel-macos-x86_64 | 1.18 | OK | ||||
r-oldrel-windows-ix86+x86_64 | 1.18 | 13.00 | 97.00 | 110.00 | OK |
Version: 1.18
Check: whether package can be installed
Result: ERROR
See * DONE
Flavor: r-devel-windows-ix86+x86_64