Last updated on 2022-06-25 02:52:21 CEST.
Flavor | Version | Tinstall | Tcheck | Ttotal | Status | Flags |
---|---|---|---|---|---|---|
r-devel-linux-x86_64-debian-clang | 1.4.1 | 22.46 | 345.59 | 368.05 | OK | |
r-devel-linux-x86_64-debian-gcc | 1.4.1 | 19.31 | 250.85 | 270.16 | OK | |
r-devel-linux-x86_64-fedora-clang | 1.4.1 | 325.71 | NOTE | |||
r-devel-linux-x86_64-fedora-gcc | 1.4.1 | 306.11 | NOTE | |||
r-devel-windows-x86_64 | 1.4.1 | 48.00 | 374.00 | 422.00 | OK | |
r-patched-linux-x86_64 | 1.4.1 | 28.35 | 327.01 | 355.36 | OK | |
r-release-linux-x86_64 | 1.4.1 | 22.75 | 331.98 | 354.73 | OK | |
r-release-macos-arm64 | 1.4.1 | 79.00 | NOTE | |||
r-release-macos-x86_64 | 1.4.1 | 8.00 | ERROR | |||
r-release-windows-x86_64 | 1.4.1 | 60.00 | 387.00 | 447.00 | OK | |
r-oldrel-macos-arm64 | 1.4.1 | 111.00 | NOTE | |||
r-oldrel-macos-x86_64 | 1.4.1 | 204.00 | NOTE | |||
r-oldrel-windows-ix86+x86_64 | 1.4.1 | 43.00 | 392.00 | 435.00 | OK |
Version: 1.4.1
Check: dependencies in R code
Result: NOTE
Namespace in Imports field not imported from: ‘mcmcr’
All declared Imports should be used.
Flavors: r-devel-linux-x86_64-fedora-clang, r-devel-linux-x86_64-fedora-gcc, r-release-macos-arm64, r-oldrel-macos-arm64, r-oldrel-macos-x86_64
Version: 1.4.1
Check: package dependencies
Result: ERROR
Package required but not available: ‘BCEA’
See section ‘The DESCRIPTION file’ in the ‘Writing R Extensions’
manual.
Flavor: r-release-macos-x86_64