CRAN Package Check Results for Package mistat

Last updated on 2018-08-17 19:49:18 CEST.

Flavor Version Tinstall Tcheck Ttotal Status Flags
r-devel-linux-x86_64-debian-clang 1.0-5 2.49 37.57 40.06 OK
r-devel-linux-x86_64-debian-gcc 1.0-5 1.92 29.88 31.80 OK
r-devel-linux-x86_64-fedora-clang 1.0-5 47.15 NOTE
r-devel-linux-x86_64-fedora-gcc 1.0-5 45.74 NOTE
r-devel-windows-ix86+x86_64 1.0-5 6.00 64.00 70.00 OK
r-patched-linux-x86_64 1.0-5 2.21 34.83 37.04 OK
r-patched-solaris-x86 1.0-5 67.30 NOTE
r-release-linux-x86_64 1.0-5 2.69 35.00 37.69 OK
r-release-windows-ix86+x86_64 1.0-5 7.00 61.00 68.00 OK
r-release-osx-x86_64 1.0-5 NOTE
r-oldrel-windows-ix86+x86_64 1.0-5 5.00 67.00 72.00 OK
r-oldrel-osx-x86_64 1.0-5 NOTE

Check Details

Version: 1.0-5
Check: dependencies in R code
Result: NOTE
    Namespace in Imports field not imported from: ‘grDevices’
     All declared Imports should be used.
Flavors: r-devel-linux-x86_64-fedora-clang, r-devel-linux-x86_64-fedora-gcc, r-patched-solaris-x86, r-release-osx-x86_64, r-oldrel-osx-x86_64