CRAN Package Check Results for Package mistat

Last updated on 2018-10-19 22:49:47 CEST.

Flavor Version Tinstall Tcheck Ttotal Status Flags
r-devel-linux-x86_64-debian-clang 1.0-5 2.94 37.67 40.61 OK
r-devel-linux-x86_64-debian-gcc 1.0-5 2.26 29.52 31.78 OK
r-devel-linux-x86_64-fedora-clang 1.0-5 50.42 NOTE
r-devel-linux-x86_64-fedora-gcc 1.0-5 46.11 NOTE
r-devel-windows-ix86+x86_64 1.0-5 9.00 46.00 55.00 OK
r-patched-linux-x86_64 1.0-5 2.74 34.90 37.64 OK
r-patched-solaris-x86 1.0-5 66.30 NOTE
r-release-linux-x86_64 1.0-5 2.81 35.17 37.98 OK
r-release-windows-ix86+x86_64 1.0-5 6.00 70.00 76.00 OK
r-release-osx-x86_64 1.0-5 NOTE
r-oldrel-windows-ix86+x86_64 1.0-5 5.00 63.00 68.00 OK
r-oldrel-osx-x86_64 1.0-5 NOTE

Check Details

Version: 1.0-5
Check: dependencies in R code
Result: NOTE
    Namespace in Imports field not imported from: ‘grDevices’
     All declared Imports should be used.
Flavors: r-devel-linux-x86_64-fedora-clang, r-devel-linux-x86_64-fedora-gcc, r-patched-solaris-x86, r-release-osx-x86_64, r-oldrel-osx-x86_64