CRAN Package Check Results for Package mistat

Last updated on 2018-05-28 10:48:57 CEST.

Flavor Version Tinstall Tcheck Ttotal Status Flags
r-devel-linux-x86_64-debian-clang 1.0-5 1.98 32.90 34.88 OK
r-devel-linux-x86_64-debian-gcc 1.0-5 1.87 28.48 30.35 OK
r-devel-linux-x86_64-fedora-clang 1.0-5 48.33 NOTE
r-devel-linux-x86_64-fedora-gcc 1.0-5 45.78 NOTE
r-devel-windows-ix86+x86_64 1.0-5 6.00 49.00 55.00 OK
r-patched-linux-x86_64 1.0-5 2.25 34.88 37.13 OK
r-patched-solaris-x86 1.0-5 64.70 NOTE
r-release-linux-x86_64 1.0-5 2.06 34.91 36.97 OK
r-release-windows-ix86+x86_64 1.0-5 10.00 63.00 73.00 OK
r-release-osx-x86_64 1.0-5 NOTE
r-oldrel-windows-ix86+x86_64 1.0-5 9.00 45.00 54.00 OK
r-oldrel-osx-x86_64 1.0-5 NOTE

Check Details

Version: 1.0-5
Check: dependencies in R code
Result: NOTE
    Namespace in Imports field not imported from: ‘grDevices’
     All declared Imports should be used.
Flavors: r-devel-linux-x86_64-fedora-clang, r-devel-linux-x86_64-fedora-gcc, r-patched-solaris-x86, r-release-osx-x86_64, r-oldrel-osx-x86_64