CRAN Package Check Results for Package mistat

Last updated on 2019-01-23 20:48:10 CET.

Flavor Version Tinstall Tcheck Ttotal Status Flags
r-devel-linux-x86_64-debian-clang 1.0-5 2.95 37.49 40.44 OK
r-devel-linux-x86_64-debian-gcc 1.0-5 2.09 29.32 31.41 OK
r-devel-linux-x86_64-fedora-clang 1.0-5 46.14 NOTE
r-devel-linux-x86_64-fedora-gcc 1.0-5 43.53 NOTE
r-devel-windows-ix86+x86_64 1.0-5 8.00 70.00 78.00 OK
r-patched-linux-x86_64 1.0-5 1.82 34.80 36.62 OK
r-patched-solaris-x86 1.0-5 69.90 NOTE
r-release-linux-x86_64 1.0-5 2.96 35.34 38.30 OK
r-release-windows-ix86+x86_64 1.0-5 6.00 51.00 57.00 OK
r-release-osx-x86_64 1.0-5 NOTE
r-oldrel-windows-ix86+x86_64 1.0-5 5.00 64.00 69.00 OK
r-oldrel-osx-x86_64 1.0-5 NOTE

Check Details

Version: 1.0-5
Check: dependencies in R code
Result: NOTE
    Namespace in Imports field not imported from: ‘grDevices’
     All declared Imports should be used.
Flavors: r-devel-linux-x86_64-fedora-clang, r-devel-linux-x86_64-fedora-gcc, r-patched-solaris-x86, r-release-osx-x86_64, r-oldrel-osx-x86_64