CRAN Package Check Results for Package mistat

Last updated on 2018-02-19 21:49:40 CET.

Flavor Version Tinstall Tcheck Ttotal Status Flags
r-devel-linux-x86_64-debian-clang 1.0-5 2.39 31.71 34.10 OK
r-devel-linux-x86_64-debian-gcc 1.0-5 2.28 27.42 29.70 OK
r-devel-linux-x86_64-fedora-clang 1.0-5 45.89 NOTE
r-devel-linux-x86_64-fedora-gcc 1.0-5 42.55 NOTE
r-devel-windows-ix86+x86_64 1.0-5 5.00 45.00 50.00 OK
r-patched-linux-x86_64 1.0-5 1.44 36.14 37.58 OK
r-patched-solaris-x86 1.0-5 61.00 NOTE
r-release-linux-x86_64 1.0-5 1.52 35.48 37.00 OK
r-release-windows-ix86+x86_64 1.0-5 6.00 68.00 74.00 OK
r-release-osx-x86_64 1.0-5 NOTE
r-oldrel-windows-ix86+x86_64 1.0-5 9.00 78.00 87.00 OK
r-oldrel-osx-x86_64 1.0-5 NOTE

Check Details

Version: 1.0-5
Check: dependencies in R code
Result: NOTE
    Namespace in Imports field not imported from: ‘grDevices’
     All declared Imports should be used.
Flavors: r-devel-linux-x86_64-fedora-clang, r-devel-linux-x86_64-fedora-gcc, r-patched-solaris-x86, r-release-osx-x86_64, r-oldrel-osx-x86_64