CRAN Package Check Results for Package mitml

Last updated on 2021-03-09 06:51:00 CET.

Flavor Version Tinstall Tcheck Ttotal Status Flags
r-devel-linux-x86_64-debian-clang 0.4-1 17.01 176.21 193.22 OK
r-devel-linux-x86_64-debian-gcc 0.4-1 11.44 127.37 138.81 OK
r-devel-linux-x86_64-fedora-clang 0.4-1 232.48 OK
r-devel-linux-x86_64-fedora-gcc 0.4-1 216.66 OK
r-devel-windows-ix86+x86_64 0.4-1 28.00 157.00 185.00 OK
r-devel-windows-x86_64-gcc10-UCRT 0.4-1 OK
r-patched-linux-x86_64 0.4-1 15.57 160.16 175.73 OK
r-patched-solaris-x86 0.4-1 321.00 WARN
r-release-linux-x86_64 0.4-1 13.43 165.90 179.33 OK
r-release-macos-x86_64 0.4-1 OK
r-release-windows-ix86+x86_64 0.4-1 23.00 207.00 230.00 OK
r-oldrel-macos-x86_64 0.4-1 OK
r-oldrel-windows-ix86+x86_64 0.4-1 18.00 139.00 157.00 OK

Check Details

Version: 0.4-1
Check: re-building of vignette outputs
Result: WARN
    Error(s) in re-building vignettes:
     ...
    --- re-building ‘Analysis.Rmd’ using rmarkdown
    Warning in engine$weave(file, quiet = quiet, encoding = enc) :
     Pandoc (>= 1.12.3) and/or pandoc-citeproc not available. Falling back to R Markdown v1.
    *** This is beta software. Please report any bugs!
    *** See the NEWS file for recent changes.
    Loading required package: Matrix
    Quitting from lines 109-112 (Analysis.Rmd)
    Error: processing vignette 'Analysis.Rmd' failed with diagnostics:
    objective in x0 returns NA
    --- failed re-building ‘Analysis.Rmd’
    
    --- re-building ‘Introduction.Rmd’ using rmarkdown
    Warning in engine$weave(file, quiet = quiet, encoding = enc) :
     Pandoc (>= 1.12.3) and/or pandoc-citeproc not available. Falling back to R Markdown v1.
    *** This is beta software. Please report any bugs!
    *** See the NEWS file for recent changes.
    
    (process:28292): Pango-WARNING **: failed to create cairo scaled font, expect ugly output. the offending font is 'Helvetica Medium 9.9599609375'
    
    (process:28292): Pango-WARNING **: font_face status is: <unknown error status>
    
    (process:28292): Pango-WARNING **: scaled_font status is: invalid matrix (not invertible)
    
    (process:28292): Pango-WARNING **: shaping failure, expect ugly output. shape-engine='BasicEngineFc', font='Helvetica Medium 9.9599609375', text='m'
    Loading required package: Matrix
    --- finished re-building ‘Introduction.Rmd’
    
    --- re-building ‘Level2.Rmd’ using rmarkdown
    Warning in engine$weave(file, quiet = quiet, encoding = enc) :
     Pandoc (>= 1.12.3) and/or pandoc-citeproc not available. Falling back to R Markdown v1.
    *** This is beta software. Please report any bugs!
    *** See the NEWS file for recent changes.
    --- finished re-building ‘Level2.Rmd’
    
    SUMMARY: processing the following file failed:
     ‘Analysis.Rmd’
    
    Error: Vignette re-building failed.
    Execution halted
Flavor: r-patched-solaris-x86