CRAN Package Check Results for Package mitml

Last updated on 2024-02-21 14:48:34 CET.

Flavor Version Tinstall Tcheck Ttotal Status Flags
r-devel-linux-x86_64-debian-clang 0.4-5 OK
r-devel-linux-x86_64-debian-gcc 0.4-5 15.99 148.63 164.62 OK
r-devel-linux-x86_64-fedora-clang 0.4-5 268.28 OK
r-devel-linux-x86_64-fedora-gcc 0.4-5 270.50 OK
r-devel-windows-x86_64 0.4-5 16.00 161.00 177.00 OK
r-patched-linux-x86_64 0.4-5 16.38 196.64 213.02 OK
r-release-linux-x86_64 0.4-5 15.88 194.83 210.71 OK
r-release-macos-arm64 0.4-5 93.00 OK
r-release-macos-x86_64 0.4-5 119.00 NOTE
r-release-windows-x86_64 0.4-5 21.00 208.00 229.00 OK
r-oldrel-macos-arm64 0.4-5 62.00 OK
r-oldrel-windows-x86_64 0.4-5 20.00 204.00 224.00 OK

Check Details

Version: 0.4-5
Check: package dependencies
Result: NOTE Package suggested but not available for checking: ‘glmmTMB’ Flavor: r-release-macos-x86_64