CRAN Package Check Results for Package mitre

Last updated on 2021-03-05 13:48:28 CET.

Flavor Version Tinstall Tcheck Ttotal Status Flags
r-devel-linux-x86_64-debian-clang 0.5.0 4.65 39.76 44.41 OK
r-devel-linux-x86_64-debian-gcc 0.5.0 5.00 30.63 35.63 OK
r-devel-linux-x86_64-fedora-clang 0.5.0 63.30 NOTE
r-devel-linux-x86_64-fedora-gcc 0.5.0 51.95 NOTE
r-devel-windows-ix86+x86_64 0.5.0 7.00 66.00 73.00 OK
r-patched-linux-x86_64 0.5.0 OK
r-patched-solaris-x86 0.5.0 64.50 NOTE
r-release-linux-x86_64 0.5.0 5.25 37.15 42.40 OK
r-release-macos-x86_64 0.5.0 NOTE
r-release-windows-ix86+x86_64 0.5.0 10.00 55.00 65.00 OK
r-oldrel-macos-x86_64 0.5.0 NOTE
r-oldrel-windows-ix86+x86_64 0.5.0 7.00 39.00 46.00 OK

Check Details

Version: 0.5.0
Check: dependencies in R code
Result: NOTE
    Namespace in Imports field not imported from: ‘visNetwork’
     All declared Imports should be used.
Flavors: r-devel-linux-x86_64-fedora-clang, r-devel-linux-x86_64-fedora-gcc, r-patched-solaris-x86, r-release-macos-x86_64, r-oldrel-macos-x86_64