CRAN Package Check Results for Package mixOmics

Last updated on 2019-02-19 22:51:36 CET.

Flavor Version Tinstall Tcheck Ttotal Status Flags
r-release-osx-x86_64 6.3.2 NOTE
r-oldrel-osx-x86_64 6.3.2 OK

Check Details

Version: 6.3.2
Check: installed package size
Result: NOTE
     installed size is 5.8Mb
     sub-directories of 1Mb or more:
     R 1.2Mb
     data 4.0Mb
Flavor: r-release-osx-x86_64