CRAN Package Check Results for Package mixOmics

Last updated on 2018-08-19 20:50:17 CEST.

Flavor Version Tinstall Tcheck Ttotal Status Flags
r-devel-linux-x86_64-debian-clang 6.3.2 35.09 239.14 274.23 OK
r-devel-linux-x86_64-debian-gcc 6.3.2 29.42 183.14 212.56 OK
r-devel-linux-x86_64-fedora-clang 6.3.2 327.16 NOTE
r-devel-linux-x86_64-fedora-gcc 6.3.2 327.29 OK
r-devel-windows-ix86+x86_64 6.3.2 68.00 314.00 382.00 NOTE
r-patched-linux-x86_64 6.3.2 33.84 225.28 259.12 OK
r-patched-solaris-x86 6.3.2 417.00 NOTE
r-release-linux-x86_64 6.3.2 37.41 224.10 261.51 OK
r-release-windows-ix86+x86_64 6.3.2 66.00 206.00 272.00 NOTE
r-release-osx-x86_64 6.3.2 NOTE
r-oldrel-windows-ix86+x86_64 6.3.2 19.00 222.00 241.00 OK
r-oldrel-osx-x86_64 6.3.2 OK

Check Details

Version: 6.3.2
Check: installed package size
Result: NOTE
     installed size is 5.8Mb
     sub-directories of 1Mb or more:
     R 1.2Mb
     data 4.0Mb
Flavors: r-devel-linux-x86_64-fedora-clang, r-devel-windows-ix86+x86_64, r-patched-solaris-x86, r-release-windows-ix86+x86_64, r-release-osx-x86_64