CRAN Package Check Results for Package mixOmics

Last updated on 2018-02-20 03:49:48 CET.

Flavor Version Tinstall Tcheck Ttotal Status Flags
r-devel-linux-x86_64-debian-clang 6.3.1 33.24 196.34 229.58 OK
r-devel-linux-x86_64-debian-gcc 6.3.1 29.88 166.46 196.34 OK
r-devel-linux-x86_64-fedora-clang 6.3.1 322.21 NOTE
r-devel-linux-x86_64-fedora-gcc 6.3.1 299.07 NOTE
r-devel-windows-ix86+x86_64 6.3.1 50.00 202.00 252.00 NOTE
r-patched-linux-x86_64 6.3.1 7.73 264.54 272.27 OK
r-patched-solaris-x86 6.3.1 375.80 NOTE
r-release-linux-x86_64 6.3.1 9.76 254.17 263.93 OK
r-release-windows-ix86+x86_64 6.3.1 32.00 327.00 359.00 OK
r-release-osx-x86_64 6.3.1 OK
r-oldrel-windows-ix86+x86_64 6.3.1 27.00 285.00 312.00 OK
r-oldrel-osx-x86_64 6.3.1 OK

Check Details

Version: 6.3.1
Check: installed package size
Result: NOTE
     installed size is 5.8Mb
     sub-directories of 1Mb or more:
     R 1.2Mb
     data 4.0Mb
Flavors: r-devel-linux-x86_64-fedora-clang, r-devel-linux-x86_64-fedora-gcc, r-devel-windows-ix86+x86_64, r-patched-solaris-x86