CRAN Package Check Results for Package mixOmics

Last updated on 2018-11-15 14:47:20 CET.

Flavor Version Tinstall Tcheck Ttotal Status Flags
r-devel-linux-x86_64-debian-clang 6.3.2 34.89 241.94 276.83 OK
r-devel-linux-x86_64-debian-gcc 6.3.2 29.63 185.82 215.45 OK
r-devel-linux-x86_64-fedora-clang 6.3.2 323.54 NOTE
r-devel-linux-x86_64-fedora-gcc 6.3.2 316.29 OK
r-devel-windows-ix86+x86_64 6.3.2 45.00 212.00 257.00 NOTE
r-patched-linux-x86_64 6.3.2 30.07 223.98 254.05 OK
r-patched-solaris-x86 6.3.2 418.70 NOTE
r-release-linux-x86_64 6.3.2 31.68 223.64 255.32 OK
r-release-windows-ix86+x86_64 6.3.2 61.00 231.00 292.00 NOTE
r-release-osx-x86_64 6.3.2 NOTE
r-oldrel-windows-ix86+x86_64 6.3.2 29.00 331.00 360.00 OK
r-oldrel-osx-x86_64 6.3.2 OK

Check Details

Version: 6.3.2
Check: installed package size
Result: NOTE
     installed size is 5.8Mb
     sub-directories of 1Mb or more:
     R 1.2Mb
     data 4.0Mb
Flavors: r-devel-linux-x86_64-fedora-clang, r-devel-windows-ix86+x86_64, r-patched-solaris-x86, r-release-windows-ix86+x86_64, r-release-osx-x86_64