CRAN Package Check Results for Package mixSPE

Last updated on 2024-06-13 14:49:05 CEST.

Flavor Version Tinstall Tcheck Ttotal Status Flags
r-devel-linux-x86_64-debian-clang 0.9.2 3.23 42.34 45.57 OK
r-devel-linux-x86_64-debian-gcc 0.9.2 3.28 29.64 32.92 ERROR
r-devel-linux-x86_64-fedora-clang 0.9.2 58.03 OK
r-devel-linux-x86_64-fedora-gcc 0.9.2 54.61 OK
r-devel-windows-x86_64 0.9.2 4.00 53.00 57.00 OK
r-patched-linux-x86_64 0.9.2 3.54 40.11 43.65 OK
r-release-linux-x86_64 0.9.2 3.40 42.14 45.54 OK
r-release-macos-arm64 0.9.2 20.00 OK
r-release-macos-x86_64 0.9.2 29.00 OK
r-release-windows-x86_64 0.9.2 4.00 57.00 61.00 OK
r-oldrel-macos-arm64 0.9.2 24.00 OK
r-oldrel-macos-x86_64 0.9.2 50.00 OK
r-oldrel-windows-x86_64 0.9.2 4.00 57.00 61.00 OK

Check Details

Version: 0.9.2
Check: package dependencies
Result: NOTE Package suggested but not available for checking: ‘testthat’ Flavor: r-devel-linux-x86_64-debian-gcc

Version: 0.9.2
Check: tests
Result: ERROR Running ‘testthat.R’ [0s/1s] Running the tests in ‘tests/testthat.R’ failed. Complete output: > library(testthat) Error in library(testthat) : there is no package called 'testthat' Execution halted Flavor: r-devel-linux-x86_64-debian-gcc