CRAN Package Check Results for Package mixedClust

Last updated on 2019-11-14 16:48:40 CET.

Flavor Version Tinstall Tcheck Ttotal Status Flags
r-devel-linux-x86_64-debian-clang 1.0.1 168.92 56.13 225.05 OK
r-devel-linux-x86_64-debian-gcc 1.0.1 128.04 44.77 172.81 OK
r-devel-linux-x86_64-fedora-clang 1.0.1 307.00 NOTE
r-devel-linux-x86_64-fedora-gcc 1.0.1 299.88 OK
r-devel-windows-ix86+x86_64 1.0.1 380.00 86.00 466.00 OK
r-patched-linux-x86_64 1.0.1 132.73 53.99 186.72 OK
r-patched-solaris-x86 1.0.1 270.80 OK
r-release-linux-x86_64 1.0.1 129.57 54.77 184.34 OK
r-release-windows-ix86+x86_64 1.0.1 312.00 137.00 449.00 OK
r-release-osx-x86_64 1.0.1 NOTE
r-oldrel-windows-ix86+x86_64 1.0.1 299.00 123.00 422.00 OK
r-oldrel-osx-x86_64 1.0.1 NOTE

Check Details

Version: 1.0.1
Check: installed package size
Result: NOTE
     installed size is 8.7Mb
     sub-directories of 1Mb or more:
     libs 8.5Mb
Flavors: r-devel-linux-x86_64-fedora-clang, r-release-osx-x86_64, r-oldrel-osx-x86_64