CRAN Package Check Results for Package mixedClust

Last updated on 2020-05-29 17:49:10 CEST.

Flavor Version Tinstall Tcheck Ttotal Status Flags
r-devel-linux-x86_64-debian-clang 1.0.1 164.91 61.53 226.44 OK
r-devel-linux-x86_64-debian-gcc 1.0.1 136.17 48.42 184.59 OK
r-devel-linux-x86_64-fedora-clang 1.0.1 332.60 NOTE
r-devel-linux-x86_64-fedora-gcc 1.0.1 309.10 OK
r-devel-windows-ix86+x86_64 1.0.1 415.00 131.00 546.00 OK
r-patched-linux-x86_64 1.0.1 147.04 61.76 208.80 OK
r-patched-solaris-x86 1.0.1 280.90 OK
r-release-linux-x86_64 1.0.1 142.48 61.64 204.12 OK
r-release-osx-x86_64 1.0.1 NOTE
r-release-windows-ix86+x86_64 1.0.1 315.00 189.00 504.00 OK
r-oldrel-osx-x86_64 1.0.1 NOTE
r-oldrel-windows-ix86+x86_64 1.0.1 334.00 102.00 436.00 OK

Check Details

Version: 1.0.1
Check: installed package size
Result: NOTE
     installed size is 9.8Mb
     sub-directories of 1Mb or more:
     libs 9.6Mb
Flavors: r-devel-linux-x86_64-fedora-clang, r-release-osx-x86_64, r-oldrel-osx-x86_64