Last updated on 2025-04-30 17:54:03 CEST.
Flavor | Version | Tinstall | Tcheck | Ttotal | Status | Flags |
---|---|---|---|---|---|---|
r-devel-linux-x86_64-debian-clang | 1.1.2 | 112.22 | 75.30 | 187.52 | NOTE | |
r-devel-linux-x86_64-debian-gcc | 1.1.2 | 76.52 | 53.97 | 130.49 | NOTE | |
r-devel-linux-x86_64-fedora-clang | 1.1.2 | 353.67 | OK | |||
r-devel-linux-x86_64-fedora-gcc | 1.1.2 | 351.00 | OK | |||
r-devel-windows-x86_64 | 1.1.2 | 124.00 | 134.00 | 258.00 | OK | |
r-patched-linux-x86_64 | 1.1.2 | 111.74 | 70.20 | 181.94 | OK | |
r-release-linux-x86_64 | 1.1.2 | 106.22 | 69.79 | 176.01 | OK | |
r-release-macos-arm64 | 1.1.2 | 90.00 | OK | |||
r-release-macos-x86_64 | 1.1.2 | 128.00 | OK | |||
r-release-windows-x86_64 | 1.1.2 | 128.00 | 132.00 | 260.00 | OK | |
r-oldrel-macos-arm64 | 1.1.2 | 81.00 | NOTE | |||
r-oldrel-macos-x86_64 | 1.1.2 | 150.00 | NOTE | |||
r-oldrel-windows-x86_64 | 1.1.2 | 143.00 | 141.00 | 284.00 | OK |
Version: 1.1.2
Check: examples
Result: NOTE
Examples with CPU (user + system) or elapsed time > 5s
user system elapsed
mmVarFit 14.008 0.024 18.126
Flavor: r-devel-linux-x86_64-debian-clang
Version: 1.1.2
Check: examples
Result: NOTE
Examples with CPU (user + system) or elapsed time > 5s
user system elapsed
mmVarFit 9.671 0.031 12.112
Flavor: r-devel-linux-x86_64-debian-gcc
Version: 1.1.2
Check: installed package size
Result: NOTE
installed size is 5.3Mb
sub-directories of 1Mb or more:
libs 4.8Mb
Flavors: r-oldrel-macos-arm64, r-oldrel-macos-x86_64