CRAN Package Check Results for Package mknapsack

Last updated on 2019-07-17 19:46:53 CEST.

Flavor Version Tinstall Tcheck Ttotal Status Flags
r-devel-linux-x86_64-debian-clang 0.1.0 2.08 77.07 79.15 OK
r-devel-linux-x86_64-debian-gcc 0.1.0 1.62 55.50 57.12 OK
r-devel-linux-x86_64-fedora-clang 0.1.0 80.10 OK
r-devel-linux-x86_64-fedora-gcc 0.1.0 78.53 OK
r-devel-windows-ix86+x86_64 0.1.0 8.00 35.00 43.00 OK
r-patched-linux-x86_64 0.1.0 2.07 73.23 75.30 OK
r-patched-solaris-x86 0.1.0 53.50 OK
r-release-linux-x86_64 0.1.0 2.13 72.30 74.43 OK
r-release-windows-ix86+x86_64 0.1.0 5.00 47.00 52.00 OK
r-release-osx-x86_64 0.1.0 OK
r-oldrel-windows-ix86+x86_64 0.1.0 3.00 54.00 57.00 OK
r-oldrel-osx-x86_64 0.1.0 NOTE

Check Details

Version: 0.1.0
Check: package dependencies
Result: NOTE
    Packages suggested but not available for checking:
     ‘Rglpk’ ‘ROI.plugin.glpk’
Flavor: r-oldrel-osx-x86_64