CRAN Package Check Results for Package mknapsack

Last updated on 2019-04-25 14:52:50 CEST.

Flavor Version Tinstall Tcheck Ttotal Status Flags
r-devel-linux-x86_64-debian-clang 0.1.0 1.96 78.97 80.93 OK
r-devel-linux-x86_64-debian-gcc 0.1.0 1.46 54.26 55.72 OK
r-devel-linux-x86_64-fedora-clang 0.1.0 81.43 OK
r-devel-linux-x86_64-fedora-gcc 0.1.0 77.24 OK
r-devel-windows-ix86+x86_64 0.1.0 7.00 49.00 56.00 OK
r-patched-linux-x86_64 0.1.0 1.87 73.53 75.40 OK
r-patched-solaris-x86 0.1.0 51.60 OK
r-release-linux-x86_64 0.1.0 1.34 69.22 70.56 OK
r-release-windows-ix86+x86_64 0.1.0 3.00 48.00 51.00 OK
r-release-osx-x86_64 0.1.0 NOTE
r-oldrel-windows-ix86+x86_64 0.1.0 3.00 34.00 37.00 OK
r-oldrel-osx-x86_64 0.1.0 NOTE

Check Details

Version: 0.1.0
Check: package dependencies
Result: NOTE
    Packages suggested but not available for checking:
     ‘Rglpk’ ‘ROI.plugin.glpk’
Flavors: r-release-osx-x86_64, r-oldrel-osx-x86_64