CRAN Package Check Results for Package mlbgameday

Last updated on 2019-02-17 21:47:40 CET.

Flavor Version Tinstall Tcheck Ttotal Status Flags
r-devel-linux-x86_64-debian-gcc 0.1.4 4.36 71.15 75.51 OK
r-devel-linux-x86_64-fedora-clang 0.1.4 108.07 NOTE
r-devel-linux-x86_64-fedora-gcc 0.1.4 115.24 NOTE
r-patched-solaris-x86 0.1.4 145.10 NOTE
r-release-windows-ix86+x86_64 0.1.4 8.00 10.00 18.00 ERROR
r-release-osx-x86_64 0.1.4 NOTE
r-oldrel-osx-x86_64 0.1.4 NOTE

Check Details

Version: 0.1.4
Check: dependencies in R code
Result: NOTE
    Namespaces in Imports field not imported from:
     ‘doParallel’ ‘iterators’ ‘parallel’
     All declared Imports should be used.
Flavors: r-devel-linux-x86_64-fedora-clang, r-devel-linux-x86_64-fedora-gcc, r-patched-solaris-x86, r-release-osx-x86_64, r-oldrel-osx-x86_64

Version: 0.1.4
Check: whether package can be installed
Result: ERROR
    Installation failed.
Flavor: r-release-windows-ix86+x86_64