CRAN Package Check Results for Package mlbgameday

Last updated on 2018-11-17 10:51:13 CET.

Flavor Version Tinstall Tcheck Ttotal Status Flags
r-devel-linux-x86_64-debian-clang 0.1.2 5.02 513.43 518.45 OK
r-devel-linux-x86_64-debian-gcc 0.1.2 4.46 398.08 402.54 OK
r-devel-linux-x86_64-fedora-clang 0.1.2 596.10 NOTE
r-devel-linux-x86_64-fedora-gcc 0.1.2 624.33 NOTE
r-devel-windows-ix86+x86_64 0.1.2 12.00 587.00 599.00 OK
r-patched-linux-x86_64 0.1.2 5.33 503.09 508.42 OK
r-patched-solaris-x86 0.1.2 796.40 WARN
r-release-linux-x86_64 0.1.2 4.41 506.01 510.42 OK
r-release-windows-ix86+x86_64 0.1.2 13.00 648.00 661.00 OK
r-release-osx-x86_64 0.1.2 WARN
r-oldrel-windows-ix86+x86_64 0.1.2 18.00 820.00 838.00 OK
r-oldrel-osx-x86_64 0.1.2 WARN

Check Details

Version: 0.1.2
Check: dependencies in R code
Result: NOTE
    Namespaces in Imports field not imported from:
     ‘doParallel’ ‘iterators’ ‘parallel’
     All declared Imports should be used.
Flavors: r-devel-linux-x86_64-fedora-clang, r-devel-linux-x86_64-fedora-gcc, r-patched-solaris-x86, r-release-osx-x86_64, r-oldrel-osx-x86_64

Version: 0.1.2
Check: re-building of vignette outputs
Result: WARN
    Error in re-building vignettes:
     ...
    Warning in engine$weave(file, quiet = quiet, encoding = enc) :
     Pandoc (>= 1.12.3) and/or pandoc-citeproc not available. Falling back to R Markdown v1.
    Warning in engine$weave(file, quiet = quiet, encoding = enc) :
     Pandoc (>= 1.12.3) and/or pandoc-citeproc not available. Falling back to R Markdown v1.
    Warning: call dbDisconnect() when finished working with a connection
    Warning in getNamespace(ns) :
     closing unused connection 5 (http://gd2.mlb.com/components/game/mlb/year_2018/month_03/day_20/gid_2018_03_20_tbamlb_balmlb_1/inning/inning_all.xml)
    Warning: closing unused connection 5 (http://gd2.mlb.com/components/game/mlb/year_2018/month_03/day_24/gid_2018_03_24_sfnmlb_srcaaa_1/inning/inning_all.xml)
    Warning in asNamespace(ns) :
     closing unused connection 6 (http://gd2.mlb.com/components/game/mlb/year_2018/month_03/day_26/gid_2018_03_26_chamlb_chraaa_1/inning/inning_all.xml)
    Warning in asNamespace(ns) :
     closing unused connection 5 (http://gd2.mlb.com/components/game/mlb/year_2018/month_03/day_26/gid_2018_03_26_balmlb_noraaa_1/inning/inning_all.xml)
    Warning: closing unused connection 5 (http://gd2.mlb.com/components/game/mlb/year_2018/month_03/day_26/gid_2018_03_26_kcamlb_omaaaa_1/inning/inning_all.xml)
    Warning in ns :
     closing unused connection 5 (http://gd2.mlb.com/components/game/mlb/year_2018/month_03/day_26/gid_2018_03_26_sdnmlb_elpaaa_1/inning/inning_all.xml)
    Warning in env[["_lhs"]] <- eval(lhs, parent, parent) :
     closing unused connection 5 (http://gd2.mlb.com/components/game/mlb/year_2018/month_03/day_27/gid_2018_03_27_cinmlb_texmlb_1/inning/inning_all.xml)
    Warning in engine$weave(file, quiet = quiet, encoding = enc) :
     Pandoc (>= 1.12.3) and/or pandoc-citeproc not available. Falling back to R Markdown v1.
    Warning in engine$weave(file, quiet = quiet, encoding = enc) :
     Pandoc (>= 1.12.3) and/or pandoc-citeproc not available. Falling back to R Markdown v1.
    Warning in engine$weave(file, quiet = quiet, encoding = enc) :
     Pandoc (>= 1.12.3) and/or pandoc-citeproc not available. Falling back to R Markdown v1.
    Quitting from lines 87-98 (pitch_plotting.Rmd)
    Error: processing vignette 'pitch_plotting.Rmd' failed with diagnostics:
    there is no package called 'webshot'
    Execution halted
Flavor: r-patched-solaris-x86

Version: 0.1.2
Check: re-building of vignette outputs
Result: WARN
    Error in re-building vignettes:
     ...
    Warning in engine$weave(file, quiet = quiet, encoding = enc) :
     Pandoc (>= 1.12.3) and/or pandoc-citeproc not available. Falling back to R Markdown v1.
    Warning: call dbDisconnect() when finished working with a connection
    Warning: closing unused connection 5 (http://gd2.mlb.com/components/game/mlb/year_2018/month_03/day_20/gid_2018_03_20_tbamlb_balmlb_1/inning/inning_all.xml)
    Warning: closing unused connection 5 (http://gd2.mlb.com/components/game/mlb/year_2018/month_03/day_24/gid_2018_03_24_sfnmlb_srcaaa_1/inning/inning_all.xml)
    Warning in rev(pipes) :
     closing unused connection 6 (http://gd2.mlb.com/components/game/mlb/year_2018/month_03/day_26/gid_2018_03_26_chamlb_chraaa_1/inning/inning_all.xml)
    Warning in rev(pipes) :
     closing unused connection 5 (http://gd2.mlb.com/components/game/mlb/year_2018/month_03/day_26/gid_2018_03_26_balmlb_noraaa_1/inning/inning_all.xml)
    Warning in stopifnot(inherits(x, "xml_document")) :
     closing unused connection 5 (http://gd2.mlb.com/components/game/mlb/year_2018/month_03/day_26/gid_2018_03_26_kcamlb_omaaaa_1/inning/inning_all.xml)
    Warning in eval(lhs, parent, parent) :
     closing unused connection 5 (http://gd2.mlb.com/components/game/mlb/year_2018/month_03/day_26/gid_2018_03_26_sdnmlb_elpaaa_1/inning/inning_all.xml)
    Warning in doTryCatch(return(expr), name, parentenv, handler) :
     closing unused connection 5 (http://gd2.mlb.com/components/game/mlb/year_2018/month_03/day_27/gid_2018_03_27_cinmlb_texmlb_1/inning/inning_all.xml)
    Warning in engine$weave(file, quiet = quiet, encoding = enc) :
     Pandoc (>= 1.12.3) and/or pandoc-citeproc not available. Falling back to R Markdown v1.
    Warning in engine$weave(file, quiet = quiet, encoding = enc) :
     Pandoc (>= 1.12.3) and/or pandoc-citeproc not available. Falling back to R Markdown v1.
    Warning in engine$weave(file, quiet = quiet, encoding = enc) :
     Pandoc (>= 1.12.3) and/or pandoc-citeproc not available. Falling back to R Markdown v1.
    Quitting from lines 87-98 (pitch_plotting.Rmd)
    Error: processing vignette 'pitch_plotting.Rmd' failed with diagnostics:
    cannot open the connection
    Execution halted
Flavor: r-release-osx-x86_64

Version: 0.1.2
Check: re-building of vignette outputs
Result: WARN
    Error in re-building vignettes:
     ...
     Pandoc (>= 1.12.3) and/or pandoc-citeproc not available. Falling back to R Markdown v1.
    Warning in engine$weave(file, quiet = quiet, encoding = enc) :
     Pandoc (>= 1.12.3) and/or pandoc-citeproc not available. Falling back to R Markdown v1.
    Warning: call dbDisconnect() when finished working with a connection
    Warning: closing unused connection 5 (http://gd2.mlb.com/components/game/mlb/year_2018/month_03/day_20/gid_2018_03_20_tbamlb_balmlb_1/inning/inning_all.xml)
    Warning in environment() :
     closing unused connection 5 (http://gd2.mlb.com/components/game/mlb/year_2018/month_03/day_24/gid_2018_03_24_sfnmlb_srcaaa_1/inning/inning_all.xml)
    Warning: closing unused connection 6 (http://gd2.mlb.com/components/game/mlb/year_2018/month_03/day_26/gid_2018_03_26_chamlb_chraaa_1/inning/inning_all.xml)
    Warning: closing unused connection 5 (http://gd2.mlb.com/components/game/mlb/year_2018/month_03/day_26/gid_2018_03_26_balmlb_noraaa_1/inning/inning_all.xml)
    Warning in as.list(sys.call()) :
     closing unused connection 5 (http://gd2.mlb.com/components/game/mlb/year_2018/month_03/day_26/gid_2018_03_26_kcamlb_omaaaa_1/inning/inning_all.xml)
    Warning in if (!is.vector(X) || is.object(X)) X <- as.list(X) :
     closing unused connection 5 (http://gd2.mlb.com/components/game/mlb/year_2018/month_03/day_26/gid_2018_03_26_sdnmlb_elpaaa_1/inning/inning_all.xml)
    Warning in .Internal(readBin(con, what, n, size, signed, swap)) :
     closing unused connection 5 (http://gd2.mlb.com/components/game/mlb/year_2018/month_03/day_27/gid_2018_03_27_cinmlb_texmlb_1/inning/inning_all.xml)
    Warning in engine$weave(file, quiet = quiet, encoding = enc) :
     Pandoc (>= 1.12.3) and/or pandoc-citeproc not available. Falling back to R Markdown v1.
    Warning in engine$weave(file, quiet = quiet, encoding = enc) :
     Pandoc (>= 1.12.3) and/or pandoc-citeproc not available. Falling back to R Markdown v1.
    Warning in engine$weave(file, quiet = quiet, encoding = enc) :
     Pandoc (>= 1.12.3) and/or pandoc-citeproc not available. Falling back to R Markdown v1.
    Quitting from lines 87-98 (pitch_plotting.Rmd)
    Error: processing vignette 'pitch_plotting.Rmd' failed with diagnostics:
    cannot open the connection
    Execution halted
Flavor: r-oldrel-osx-x86_64