CRAN Package Check Results for Package mlbgameday

Last updated on 2018-02-18 17:48:20 CET.

Flavor Version Tinstall Tcheck Ttotal Status Flags
r-devel-linux-x86_64-debian-clang 0.0.1 4.16 45.81 49.97 WARN
r-devel-linux-x86_64-debian-gcc 0.0.1 3.41 36.17 39.58 WARN
r-devel-linux-x86_64-fedora-clang 0.0.1 62.38 WARN
r-devel-linux-x86_64-fedora-gcc 0.0.1 58.30 WARN
r-devel-windows-ix86+x86_64 0.0.1 9.00 61.00 70.00 WARN
r-patched-linux-x86_64 0.0.1 3.49 50.59 54.08 WARN
r-patched-solaris-x86 0.0.1 93.70 WARN
r-release-linux-x86_64 0.0.1 3.52 50.74 54.26 WARN
r-release-windows-ix86+x86_64 0.0.1 13.00 105.00 118.00 WARN
r-release-osx-x86_64 0.0.1 WARN
r-oldrel-windows-ix86+x86_64 0.0.1 6.00 88.00 94.00 WARN
r-oldrel-osx-x86_64 0.0.1 ERROR

Check Details

Version: 0.0.1
Check: DESCRIPTION meta-information
Result: NOTE
    Dependence on R version ‘3.3.3’ not with patchlevel 0
Flavors: r-devel-linux-x86_64-debian-clang, r-devel-linux-x86_64-debian-gcc, r-devel-linux-x86_64-fedora-clang, r-devel-linux-x86_64-fedora-gcc

Version: 0.0.1
Check: re-building of vignette outputs
Result: WARN
    Error in re-building vignettes:
     ...
    Quitting from lines 22-32 (pitch_plotting.Rmd)
    Error: processing vignette ‘pitch_plotting.Rmd’ failed with diagnostics:
    `by` can't contain join column `batter` which is missing from LHS
    Execution halted
Flavors: r-devel-linux-x86_64-debian-clang, r-devel-linux-x86_64-debian-gcc, r-devel-linux-x86_64-fedora-clang, r-devel-linux-x86_64-fedora-gcc, r-devel-windows-ix86+x86_64, r-oldrel-windows-ix86+x86_64

Version: 0.0.1
Check: dependencies in R code
Result: NOTE
    Namespaces in Imports field not imported from:
     ‘doParallel’ ‘iterators’ ‘parallel’
     All declared Imports should be used.
Flavors: r-devel-linux-x86_64-fedora-clang, r-devel-linux-x86_64-fedora-gcc, r-patched-solaris-x86, r-release-osx-x86_64

Version: 0.0.1
Check: re-building of vignette outputs
Result: WARN
    Error in re-building vignettes:
     ...
    Warning: closing unused connection 5 (http://gd2.mlb.com/components/game/mlb//year_2016/month_04/day_21/gid_2016_04_21_lanmlb_atlmlb_1/inning/inning_all.xml)
    Warning in while (!identical(env, empty)) { :
     closing unused connection 5 (http://gd2.mlb.com/components/game/mlb//year_2016/month_04/day_21/gid_2016_04_21_seamlb_clemlb_1/inning/inning_all.xml)
    Quitting from lines 22-32 (pitch_plotting.Rmd)
    Error: processing vignette ‘pitch_plotting.Rmd’ failed with diagnostics:
    `by` can't contain join column `batter` which is missing from LHS
    Execution halted
Flavors: r-patched-linux-x86_64, r-release-linux-x86_64

Version: 0.0.1
Check: re-building of vignette outputs
Result: WARN
    Error in re-building vignettes:
     ...
    Warning in engine$weave(file, quiet = quiet, encoding = enc) :
     Pandoc (>= 1.12.3) and/or pandoc-citeproc not available. Falling back to R Markdown v1.
    Warning in engine$weave(file, quiet = quiet, encoding = enc) :
     Pandoc (>= 1.12.3) and/or pandoc-citeproc not available. Falling back to R Markdown v1.
    Warning in engine$weave(file, quiet = quiet, encoding = enc) :
     Pandoc (>= 1.12.3) and/or pandoc-citeproc not available. Falling back to R Markdown v1.
    Warning in isNamespace(ns) :
     closing unused connection 5 (http://gd2.mlb.com/components/game/mlb//year_2016/month_04/day_21/gid_2016_04_21_lanmlb_atlmlb_1/inning/inning_all.xml)
    Warning: closing unused connection 5 (http://gd2.mlb.com/components/game/mlb//year_2016/month_04/day_21/gid_2016_04_21_seamlb_clemlb_1/inning/inning_all.xml)
    Quitting from lines 22-32 (pitch_plotting.Rmd)
    Error: processing vignette 'pitch_plotting.Rmd' failed with diagnostics:
    `by` can't contain join column `batter` which is missing from LHS
    Execution halted
Flavor: r-patched-solaris-x86

Version: 0.0.1
Check: re-building of vignette outputs
Result: WARN
    Error in re-building vignettes:
     ...
    Warning in if (typeof(x) == "list") x else .Internal(as.vector(x, "list")) :
     closing unused connection 6 (http://gd2.mlb.com/components/game/mlb//year_2016/month_04/day_21/gid_2016_04_21_seamlb_clemlb_1/inning/inning_all.xml)
    Warning in assign(name, result, obj$state, inherits = FALSE) :
     closing unused connection 6 (http://gd2.mlb.com/components/game/mlb//year_2016/month_04/day_21/gid_2016_04_21_wasmlb_miamlb_1/inning/inning_all.xml)
    Quitting from lines 22-32 (pitch_plotting.Rmd)
    Error: processing vignette 'pitch_plotting.Rmd' failed with diagnostics:
    `by` can't contain join column `batter` which is missing from LHS
    Execution halted
Flavor: r-release-windows-ix86+x86_64

Version: 0.0.1
Check: re-building of vignette outputs
Result: WARN
    Error in re-building vignettes:
     ...
    Warning in engine$weave(file, quiet = quiet, encoding = enc) :
     Pandoc (>= 1.12.3) and/or pandoc-citeproc not available. Falling back to R Markdown v1.
    Warning in engine$weave(file, quiet = quiet, encoding = enc) :
     Pandoc (>= 1.12.3) and/or pandoc-citeproc not available. Falling back to R Markdown v1.
    Warning in engine$weave(file, quiet = quiet, encoding = enc) :
     Pandoc (>= 1.12.3) and/or pandoc-citeproc not available. Falling back to R Markdown v1.
    Quitting from lines 87-98 (pitch_plotting.Rmd)
    Error: processing vignette 'pitch_plotting.Rmd' failed with diagnostics:
    cannot open the connection
    Execution halted
Flavor: r-release-osx-x86_64

Version: 0.0.1
Check: whether package can be installed
Result: ERROR
    Installation failed.
Flavor: r-oldrel-osx-x86_64