CRAN Package Check Results for Package mlergm

Last updated on 2019-09-21 07:49:17 CEST.

Flavor Version Tinstall Tcheck Ttotal Status Flags
r-devel-linux-x86_64-debian-clang 0.2 10.63 101.80 112.43 OK
r-devel-linux-x86_64-debian-gcc 0.2 10.29 79.82 90.11 OK
r-devel-linux-x86_64-fedora-clang 0.2 136.01 OK
r-devel-linux-x86_64-fedora-gcc 0.2 157.34 OK
r-devel-windows-ix86+x86_64 0.2 36.00 116.00 152.00 OK
r-patched-linux-x86_64 0.2 11.72 99.27 110.99 OK
r-patched-solaris-x86 0.2 197.00 OK
r-release-linux-x86_64 0.2 11.63 99.68 111.31 OK
r-release-windows-ix86+x86_64 0.2 20.00 107.00 127.00 OK
r-release-osx-x86_64 0.2 OK
r-oldrel-windows-ix86+x86_64 0.2 4.00 5.00 9.00 ERROR
r-oldrel-osx-x86_64 0.2 ERROR

Check Details

Version: 0.2
Check: package dependencies
Result: ERROR
    Package required and available but unsuitable version: 'parallel'
    
    See section 'The DESCRIPTION file' in the 'Writing R Extensions'
    manual.
Flavor: r-oldrel-windows-ix86+x86_64

Version: 0.2
Check: package dependencies
Result: ERROR
    Packages required and available but unsuitable versions: ‘ergm’ ‘parallel’
    
    See section ‘The DESCRIPTION file’ in the ‘Writing R Extensions’
    manual.
Flavor: r-oldrel-osx-x86_64