CRAN Package Check Results for Package mlexperiments

Last updated on 2024-04-25 00:56:04 CEST.

Flavor Version Tinstall Tcheck Ttotal Status Flags
r-devel-linux-x86_64-debian-clang 0.0.3 14.13 183.48 197.61 NOTE
r-devel-linux-x86_64-debian-gcc 0.0.3 7.95 175.19 183.14 NOTE
r-devel-linux-x86_64-fedora-clang 0.0.3 262.99 NOTE
r-devel-linux-x86_64-fedora-gcc 0.0.3 293.51 NOTE
r-devel-windows-x86_64 0.0.3 13.00 276.00 289.00 NOTE
r-patched-linux-x86_64 0.0.3 9.09 214.71 223.80 NOTE
r-release-linux-x86_64 0.0.3 8.30 210.16 218.46 OK
r-release-macos-arm64 0.0.3 155.00 OK
r-release-macos-x86_64 0.0.3 342.00 OK
r-release-windows-x86_64 0.0.3 12.00 274.00 286.00 NOTE
r-oldrel-macos-arm64 0.0.3 156.00 OK
r-oldrel-macos-x86_64 0.0.3 269.00 OK
r-oldrel-windows-x86_64 0.0.3 17.00 369.00 386.00 OK

Check Details

Version: 0.0.3
Check: HTML version of manual
Result: NOTE Found the following HTML validation problems: LearnerRpart.html:40:1 (LearnerRpart.Rd:15): Warning: trimming empty <li> Flavors: r-devel-linux-x86_64-debian-clang, r-devel-linux-x86_64-debian-gcc, r-devel-linux-x86_64-fedora-clang, r-devel-linux-x86_64-fedora-gcc, r-devel-windows-x86_64, r-patched-linux-x86_64, r-release-windows-x86_64