Last updated on 2023-12-03 14:50:29 CET.
Flavor | Version | Tinstall | Tcheck | Ttotal | Status | Flags |
---|---|---|---|---|---|---|
r-devel-linux-x86_64-debian-clang | 1.1.2 | 3.80 | 78.50 | 82.30 | NOTE | |
r-devel-linux-x86_64-debian-gcc | 1.1.2 | 2.98 | 60.12 | 63.10 | NOTE | |
r-devel-linux-x86_64-fedora-clang | 1.1.2 | 105.72 | OK | |||
r-devel-linux-x86_64-fedora-gcc | 1.1.2 | 101.55 | OK | |||
r-devel-windows-x86_64 | 1.1.2 | 3.00 | 91.00 | 94.00 | OK | |
r-patched-linux-x86_64 | 1.1.2 | 4.35 | 77.70 | 82.05 | OK | |
r-release-linux-x86_64 | 1.1.2 | 2.80 | 78.68 | 81.48 | OK | |
r-release-macos-arm64 | 1.1.2 | 34.00 | OK | |||
r-release-macos-x86_64 | 1.1.2 | 75.00 | OK | |||
r-release-windows-x86_64 | 1.1.2 | 4.00 | 105.00 | 109.00 | OK | |
r-oldrel-macos-arm64 | 1.1.2 | 36.00 | OK | |||
r-oldrel-macos-x86_64 | 1.1.2 | 48.00 | OK | |||
r-oldrel-windows-x86_64 | 1.1.2 | 5.00 | 108.00 | 113.00 | OK |
Version: 1.1.2
Check: Rd files
Result: NOTE
checkRd: (-1) refBasedCts.Rd:44: Lost braces
44 | using reference based imputation as proposed by \doi{10.1080/10543406.2013.834911}{Carpenter et al (2013)}. This approach
| ^
Flavors: r-devel-linux-x86_64-debian-clang, r-devel-linux-x86_64-debian-gcc