CRAN Package Check Results for Package mlr

Last updated on 2018-11-17 06:46:48 CET.

Flavor Version Tinstall Tcheck Ttotal Status Flags
r-devel-linux-x86_64-debian-clang 2.13 26.17 225.18 251.35 OK
r-devel-linux-x86_64-debian-gcc 2.13 21.19 171.78 192.97 OK
r-devel-linux-x86_64-fedora-clang 2.13 316.10 OK
r-devel-linux-x86_64-fedora-gcc 2.13 295.54 OK
r-devel-windows-ix86+x86_64 2.13 57.00 415.00 472.00 OK
r-patched-linux-x86_64 2.13 26.83 209.50 236.33 OK
r-patched-solaris-x86 2.13 382.30 NOTE
r-release-linux-x86_64 2.13 30.27 208.42 238.69 OK
r-release-windows-ix86+x86_64 2.13 70.00 306.00 376.00 OK
r-release-osx-x86_64 2.13 OK
r-oldrel-windows-ix86+x86_64 2.13 65.00 420.00 485.00 OK
r-oldrel-osx-x86_64 2.13 OK

Check Details

Version: 2.13
Check: package dependencies
Result: NOTE
    Packages suggested but not available for checking: ‘FSelector’ ‘RWeka’
Flavor: r-patched-solaris-x86

Version: 2.13
Check: installed package size
Result: NOTE
     installed size is 5.1Mb
     sub-directories of 1Mb or more:
     R 1.5Mb
     data 2.4Mb
Flavor: r-patched-solaris-x86