CRAN Package Check Results for Package mlr

Last updated on 2021-04-16 01:47:08 CEST.

Flavor Version Tinstall Tcheck Ttotal Status Flags
r-devel-linux-x86_64-debian-clang 2.19.0 37.80 261.70 299.50 OK
r-devel-linux-x86_64-debian-gcc 2.19.0 31.97 195.14 227.11 OK
r-devel-linux-x86_64-fedora-clang 2.19.0 374.90 NOTE
r-devel-linux-x86_64-fedora-gcc 2.19.0 373.27 OK
r-devel-windows-ix86+x86_64 2.19.0 76.00 5.00 81.00 ERROR
r-devel-windows-x86_64-gcc10-UCRT 2.19.0 OK
r-patched-linux-x86_64 2.19.0 37.99 240.75 278.74 OK
r-patched-solaris-x86 2.19.0 435.30 NOTE
r-release-linux-x86_64 2.19.0 35.34 240.39 275.73 OK
r-release-macos-x86_64 2.19.0 NOTE
r-release-windows-ix86+x86_64 2.19.0 83.00 411.00 494.00 OK
r-oldrel-macos-x86_64 2.19.0 NOTE
r-oldrel-windows-ix86+x86_64 2.19.0 45.00 278.00 323.00 OK

Check Details

Version: 2.19.0
Check: installed package size
Result: NOTE
     installed size is 5.0Mb
     sub-directories of 1Mb or more:
     R 1.5Mb
     data 2.3Mb
Flavors: r-devel-linux-x86_64-fedora-clang, r-patched-solaris-x86, r-oldrel-macos-x86_64

Version: 2.19.0
Check: whether package can be installed
Result: ERROR
    Installation failed.
Flavor: r-devel-windows-ix86+x86_64

Version: 2.19.0
Check: package dependencies
Result: NOTE
    Packages suggested but not available for checking: 'FSelector', 'RWeka'
Flavor: r-patched-solaris-x86

Version: 2.19.0
Check: package dependencies
Result: NOTE
    Package suggested but not available for checking: ‘Rmpi’
Flavors: r-release-macos-x86_64, r-oldrel-macos-x86_64