CRAN Package Check Results for Package mlr

Last updated on 2021-12-03 20:51:00 CET.

Flavor Version Tinstall Tcheck Ttotal Status Flags
r-devel-linux-x86_64-debian-clang 2.19.0 38.18 265.73 303.91 NOTE
r-devel-linux-x86_64-debian-gcc 2.19.0 26.42 194.92 221.34 NOTE
r-devel-linux-x86_64-fedora-clang 2.19.0 373.21 NOTE
r-devel-linux-x86_64-fedora-gcc 2.19.0 359.36 NOTE
r-devel-windows-x86_64-new-UL 2.19.0 109.00 367.00 476.00 NOTE
r-devel-windows-x86_64-new-TK 2.19.0 NOTE
r-devel-windows-x86_64-old 2.19.0 62.00 242.00 304.00 OK
r-patched-linux-x86_64 2.19.0 48.50 252.79 301.29 NOTE
r-release-linux-x86_64 2.19.0 37.50 250.06 287.56 NOTE
r-release-macos-arm64 2.19.0 NOTE
r-release-macos-x86_64 2.19.0 NOTE
r-release-windows-ix86+x86_64 2.19.0 71.00 415.00 486.00 OK
r-oldrel-macos-x86_64 2.19.0 NOTE
r-oldrel-windows-ix86+x86_64 2.19.0 71.00 417.00 488.00 OK

Check Details

Version: 2.19.0
Check: package dependencies
Result: NOTE
    Package suggested but not available for checking: 'rrlda'
Flavors: r-devel-linux-x86_64-debian-clang, r-devel-linux-x86_64-debian-gcc, r-devel-linux-x86_64-fedora-clang, r-devel-linux-x86_64-fedora-gcc, r-devel-windows-x86_64-new-UL, r-devel-windows-x86_64-new-TK, r-patched-linux-x86_64, r-release-linux-x86_64

Version: 2.19.0
Check: installed package size
Result: NOTE
     installed size is 5.0Mb
     sub-directories of 1Mb or more:
     R 1.5Mb
     data 2.3Mb
Flavors: r-devel-linux-x86_64-fedora-clang, r-release-macos-arm64

Version: 2.19.0
Check: package dependencies
Result: NOTE
    Package suggested but not available for checking: ‘Rmpi’
Flavors: r-release-macos-arm64, r-release-macos-x86_64, r-oldrel-macos-x86_64