CRAN Package Check Results for Package mlrCPO

Last updated on 2019-04-22 04:51:40 CEST.

Flavor Version Tinstall Tcheck Ttotal Status Flags
r-devel-linux-x86_64-debian-clang 0.3.4-2 23.05 378.32 401.37 OK
r-devel-linux-x86_64-debian-gcc 0.3.4-2 22.57 282.11 304.68 OK
r-devel-linux-x86_64-fedora-clang 0.3.4-2 461.01 OK
r-devel-linux-x86_64-fedora-gcc 0.3.4-2 473.42 OK
r-devel-windows-ix86+x86_64 0.3.4-2 48.00 375.00 423.00 OK
r-patched-linux-x86_64 0.3.4-2 24.82 369.76 394.58 OK
r-patched-solaris-x86 0.3.4-2 417.50 WARN
r-release-linux-x86_64 0.3.4-2 18.01 334.49 352.50 OK
r-release-windows-ix86+x86_64 0.3.4-2 30.00 372.00 402.00 WARN
r-release-osx-x86_64 0.3.4-2 WARN
r-oldrel-windows-ix86+x86_64 0.3.4-2 44.00 501.00 545.00 OK
r-oldrel-osx-x86_64 0.3.4-2 WARN

Check Details

Version: 0.3.4-2
Check: package dependencies
Result: NOTE
    Package suggested but not available for checking: ‘FSelector’
Flavor: r-patched-solaris-x86

Version: 0.3.4-2
Check: re-building of vignette outputs
Result: WARN
    Error(s) in re-building vignettes:
     ...
    --- re-building ‘a_1_getting_started.Rmd’ using rmarkdown
    Warning in engine$weave(file, quiet = quiet, encoding = enc) :
     Pandoc (>= 1.12.3) and/or pandoc-citeproc not available. Falling back to R Markdown v1.
    Quitting from lines 5-183 (./toc/vignettetoc.Rmd)
    Quitting from lines 5-183 (./toc/vignettetoc.Rmd)
    Error: processing vignette 'a_1_getting_started.Rmd' failed with diagnostics:
    argument is of length zero
    --- failed re-building ‘a_1_getting_started.Rmd’
    
    --- re-building ‘a_2_mlrCPO_core.Rmd’ using rmarkdown
    Warning in engine$weave(file, quiet = quiet, encoding = enc) :
     Pandoc (>= 1.12.3) and/or pandoc-citeproc not available. Falling back to R Markdown v1.
    Quitting from lines 5-183 (./toc/vignettetoc.Rmd)
    Quitting from lines 5-183 (./toc/vignettetoc.Rmd)
    Error: processing vignette 'a_2_mlrCPO_core.Rmd' failed with diagnostics:
    argument is of length zero
    --- failed re-building ‘a_2_mlrCPO_core.Rmd’
    
    --- re-building ‘a_3_all_CPOs.Rmd’ using rmarkdown
    Warning in engine$weave(file, quiet = quiet, encoding = enc) :
     Pandoc (>= 1.12.3) and/or pandoc-citeproc not available. Falling back to R Markdown v1.
    Quitting from lines 5-183 (./toc/vignettetoc.Rmd)
    Quitting from lines 5-183 (./toc/vignettetoc.Rmd)
    Error: processing vignette 'a_3_all_CPOs.Rmd' failed with diagnostics:
    argument is of length zero
    --- failed re-building ‘a_3_all_CPOs.Rmd’
    
    --- re-building ‘a_4_custom_CPOs.Rmd’ using rmarkdown
    Warning in engine$weave(file, quiet = quiet, encoding = enc) :
     Pandoc (>= 1.12.3) and/or pandoc-citeproc not available. Falling back to R Markdown v1.
    Quitting from lines 5-183 (./toc/vignettetoc.Rmd)
    Quitting from lines 5-183 (./toc/vignettetoc.Rmd)
    Error: processing vignette 'a_4_custom_CPOs.Rmd' failed with diagnostics:
    argument is of length zero
    --- failed re-building ‘a_4_custom_CPOs.Rmd’
    
    --- re-building ‘z_1_getting_started_terse.Rmd’ using rmarkdown
    Warning in engine$weave(file, quiet = quiet, encoding = enc) :
     Pandoc (>= 1.12.3) and/or pandoc-citeproc not available. Falling back to R Markdown v1.
    Quitting from lines 5-183 (./toc/vignettetoc.Rmd)
    Error: processing vignette 'z_1_getting_started_terse.Rmd' failed with diagnostics:
    argument is of length zero
    --- failed re-building ‘z_1_getting_started_terse.Rmd’
    
    --- re-building ‘z_2_mlrCPO_core_terse.Rmd’ using rmarkdown
    Warning in engine$weave(file, quiet = quiet, encoding = enc) :
     Pandoc (>= 1.12.3) and/or pandoc-citeproc not available. Falling back to R Markdown v1.
    Quitting from lines 5-183 (./toc/vignettetoc.Rmd)
    Error: processing vignette 'z_2_mlrCPO_core_terse.Rmd' failed with diagnostics:
    argument is of length zero
    --- failed re-building ‘z_2_mlrCPO_core_terse.Rmd’
    
    --- re-building ‘z_3_all_CPOs_terse.Rmd’ using rmarkdown
    Warning in engine$weave(file, quiet = quiet, encoding = enc) :
     Pandoc (>= 1.12.3) and/or pandoc-citeproc not available. Falling back to R Markdown v1.
    Quitting from lines 5-183 (./toc/vignettetoc.Rmd)
    Error: processing vignette 'z_3_all_CPOs_terse.Rmd' failed with diagnostics:
    argument is of length zero
    --- failed re-building ‘z_3_all_CPOs_terse.Rmd’
    
    --- re-building ‘z_4_custom_CPOs_terse.Rmd’ using rmarkdown
    Warning in engine$weave(file, quiet = quiet, encoding = enc) :
     Pandoc (>= 1.12.3) and/or pandoc-citeproc not available. Falling back to R Markdown v1.
    Quitting from lines 5-183 (./toc/vignettetoc.Rmd)
    Error: processing vignette 'z_4_custom_CPOs_terse.Rmd' failed with diagnostics:
    argument is of length zero
    --- failed re-building ‘z_4_custom_CPOs_terse.Rmd’
    
    SUMMARY: processing the following files failed:
     ‘a_1_getting_started.Rmd’ ‘a_2_mlrCPO_core.Rmd’ ‘a_3_all_CPOs.Rmd’
     ‘a_4_custom_CPOs.Rmd’ ‘z_1_getting_started_terse.Rmd’
     ‘z_2_mlrCPO_core_terse.Rmd’ ‘z_3_all_CPOs_terse.Rmd’
     ‘z_4_custom_CPOs_terse.Rmd’
    
    Error: Vignette re-building failed.
    Execution halted
Flavor: r-patched-solaris-x86

Version: 0.3.4-2
Check: whether package can be installed
Result: WARN
    Found the following significant warnings:
     Warning: S3 methods '[.fun_list', '[.grouped_df', 'all.equal.tbl_df', 'anti_join.data.frame', 'anti_join.tbl_df', 'arrange.data.frame', 'arrange.default', 'arrange.grouped_df', 'arrange.tbl_df', 'arrange_.data.frame', 'arrange_.tbl_df', 'as.data.frame.grouped_df', 'as.data.frame.rowwise_df', 'as.data.frame.tbl_cube', 'as.table.tbl_cube', 'as.tbl.data.frame', 'as.tbl.tbl', 'as.tbl_cube.array', 'as.tbl_cube.data.frame', 'as.tbl_cube.matrix', 'as.tbl_cube.table', 'as_tibble.grouped_df', 'as_tibble.tbl_cube', 'auto_copy.tbl_cube', 'auto_copy.tbl_df', 'cbind.grouped_df', 'collapse.data.frame', 'collect.data.frame', 'common_by.NULL', 'common_by.character', 'common_by.default', 'common_by.list', 'compute.data.frame', 'copy_to.DBIConnection', 'copy_to.src_local', 'default_missing.data.frame', 'default_missing.default', 'dim.tbl_cube', 'distinct.data.frame', 'distinct.default', 'distinct.grouped_df', 'distinct.tbl_df', 'distinct_.data.frame', 'distinct_.grouped_df', 'distinct_.tbl_df', 'do.NULL', 'do.da [... truncated]
Flavor: r-release-windows-ix86+x86_64

Version: 0.3.4-2
Check: re-building of vignette outputs
Result: WARN
    Error in re-building vignettes:
     ...
    Warning in engine$weave(file, quiet = quiet, encoding = enc) :
     Pandoc (>= 1.12.3) and/or pandoc-citeproc not available. Falling back to R Markdown v1.
    Quitting from lines 5-183 (./toc/vignettetoc.Rmd)
    Quitting from lines 5-183 (./toc/vignettetoc.Rmd)
    Error: processing vignette 'a_1_getting_started.Rmd' failed with diagnostics:
    argument is of length zero
    Execution halted
Flavors: r-release-osx-x86_64, r-oldrel-osx-x86_64