CRAN Package Check Results for Package mlrCPO

Last updated on 2022-10-07 14:52:10 CEST.

Flavor Version Tinstall Tcheck Ttotal Status Flags
r-devel-linux-x86_64-debian-clang 0.3.7-4 5.64 4.85 10.49 ERROR
r-devel-linux-x86_64-debian-gcc 0.3.7-4 3.97 3.76 7.73 ERROR
r-devel-linux-x86_64-fedora-clang 0.3.7-4 22.21 ERROR
r-devel-linux-x86_64-fedora-gcc 0.3.7-4 20.31 ERROR
r-devel-windows-x86_64 0.3.7-4 29.00 7.00 36.00 ERROR
r-patched-linux-x86_64 0.3.7-4 3.04 4.65 7.69 ERROR
r-release-linux-x86_64 0.3.7-4 4.66 5.04 9.70 ERROR
r-release-macos-arm64 0.3.7-4 126.00 OK
r-release-macos-x86_64 0.3.7-4 163.00 OK
r-release-windows-x86_64 0.3.7-4 75.00 8.00 83.00 ERROR
r-oldrel-macos-arm64 0.3.7-4 121.00 OK
r-oldrel-macos-x86_64 0.3.7-4 180.00 OK
r-oldrel-windows-ix86+x86_64 0.3.7-4 6.00 19.00 25.00 ERROR

Check Details

Version: 0.3.7-4
Check: whether package can be installed
Result: ERROR
    Installation failed.
Flavors: r-devel-linux-x86_64-debian-clang, r-devel-linux-x86_64-debian-gcc, r-devel-linux-x86_64-fedora-clang, r-devel-linux-x86_64-fedora-gcc, r-devel-windows-x86_64, r-patched-linux-x86_64, r-release-linux-x86_64, r-release-windows-x86_64, r-oldrel-windows-ix86+x86_64