CRAN Package Check Results for Package mlrMBO

Last updated on 2018-02-18 18:47:36 CET.

Flavor Version Tinstall Tcheck Ttotal Status Flags
r-devel-linux-x86_64-debian-clang 1.1.1 8.87 166.06 174.93 OK
r-devel-linux-x86_64-debian-gcc 1.1.1 9.24 123.33 132.57 OK
r-devel-linux-x86_64-fedora-clang 1.1.1 211.76 OK
r-devel-linux-x86_64-fedora-gcc 1.1.1 200.60 OK
r-devel-windows-ix86+x86_64 1.1.1 21.00 234.00 255.00 OK
r-patched-linux-x86_64 1.1.1 10.26 173.24 183.50 OK
r-patched-solaris-x86 1.1.1 302.80 OK
r-release-linux-x86_64 1.1.1 9.85 171.91 181.76 OK
r-release-windows-ix86+x86_64 1.1.1 40.00 233.00 273.00 OK
r-release-osx-x86_64 1.1.1 OK
r-oldrel-windows-ix86+x86_64 1.1.1 23.00 336.00 359.00 OK
r-oldrel-osx-x86_64 1.1.1 ERROR

Check Details

Version: 1.1.1
Check: package dependencies
Result: ERROR
    Package required and available but unsuitable version: ‘mlr’
    
    See section ‘The DESCRIPTION file’ in the ‘Writing R Extensions’
    manual.
Flavor: r-oldrel-osx-x86_64