CRAN Package Check Results for Package mma

Last updated on 2019-09-17 00:49:19 CEST.

Flavor Version Tinstall Tcheck Ttotal Status Flags
r-devel-linux-x86_64-debian-clang 9.0-0 26.77 170.22 196.99 OK
r-devel-linux-x86_64-debian-gcc 9.0-0 OK
r-devel-linux-x86_64-fedora-clang 9.0-0 228.47 NOTE
r-devel-linux-x86_64-fedora-gcc 9.0-0 264.26 NOTE
r-devel-windows-ix86+x86_64 9.0-0 61.00 161.00 222.00 OK
r-patched-linux-x86_64 9.0-0 25.75 162.09 187.84 OK
r-patched-solaris-x86 9.0-0 320.10 NOTE
r-release-linux-x86_64 9.0-0 23.24 163.41 186.65 OK
r-release-windows-ix86+x86_64 9.0-0 41.00 217.00 258.00 OK
r-release-osx-x86_64 9.0-0 NOTE
r-oldrel-windows-ix86+x86_64 9.0-0 45.00 153.00 198.00 OK
r-oldrel-osx-x86_64 9.0-0 NOTE

Check Details

Version: 9.0-0
Check: dependencies in R code
Result: NOTE
    Namespace in Imports field not imported from: ‘plotrix’
     All declared Imports should be used.
Flavors: r-devel-linux-x86_64-fedora-clang, r-devel-linux-x86_64-fedora-gcc, r-patched-solaris-x86, r-release-osx-x86_64, r-oldrel-osx-x86_64