CRAN Package Check Results for Package mma

Last updated on 2020-01-19 16:47:40 CET.

Flavor Version Tinstall Tcheck Ttotal Status Flags
r-devel-linux-x86_64-debian-clang 9.0-0 28.66 183.56 212.22 OK
r-devel-linux-x86_64-debian-gcc 9.0-0 24.58 138.18 162.76 OK
r-devel-linux-x86_64-fedora-clang 9.0-0 255.87 WARN
r-devel-linux-x86_64-fedora-gcc 9.0-0 238.55 NOTE
r-devel-windows-ix86+x86_64 9.0-0 67.00 237.00 304.00 OK
r-devel-windows-ix86+x86_64-gcc8 9.0-0 53.00 255.00 308.00 OK
r-patched-linux-x86_64 9.0-0 22.93 159.21 182.14 OK
r-patched-solaris-x86 9.0-0 314.40 NOTE
r-release-linux-x86_64 9.0-0 23.68 158.55 182.23 OK
r-release-windows-ix86+x86_64 9.0-0 56.00 160.00 216.00 OK
r-release-osx-x86_64 9.0-0 NOTE
r-oldrel-windows-ix86+x86_64 9.0-0 40.00 216.00 256.00 OK
r-oldrel-osx-x86_64 9.0-0 NOTE

Check Details

Version: 9.0-0
Check: package dependencies
Result: WARN
    Requires orphaned package: ‘gplots’
Flavor: r-devel-linux-x86_64-fedora-clang

Version: 9.0-0
Check: dependencies in R code
Result: NOTE
    Namespace in Imports field not imported from: ‘plotrix’
     All declared Imports should be used.
Flavors: r-devel-linux-x86_64-fedora-clang, r-devel-linux-x86_64-fedora-gcc, r-patched-solaris-x86, r-release-osx-x86_64, r-oldrel-osx-x86_64