CRAN Package Check Results for Package mnormt

Last updated on 2018-07-15 19:51:48 CEST.

Flavor Version Tinstall Tcheck Ttotal Status Flags
r-devel-linux-x86_64-debian-clang 1.5-5 2.87 18.33 21.20 NOTE
r-devel-linux-x86_64-debian-gcc 1.5-5 1.96 14.47 16.43 NOTE
r-devel-linux-x86_64-fedora-clang 1.5-5 25.12 NOTE
r-devel-linux-x86_64-fedora-gcc 1.5-5 24.75 NOTE
r-devel-windows-ix86+x86_64 1.5-5 17.00 39.00 56.00 OK
r-patched-linux-x86_64 1.5-5 2.78 17.47 20.25 NOTE
r-patched-solaris-x86 1.5-5 41.30 OK
r-release-linux-x86_64 1.5-5 2.89 17.39 20.28 NOTE
r-release-windows-ix86+x86_64 1.5-5 17.00 33.00 50.00 OK
r-release-osx-x86_64 1.5-5 OK
r-oldrel-windows-ix86+x86_64 1.5-5 9.00 31.00 40.00 OK
r-oldrel-osx-x86_64 1.5-5 OK

Additional issues

valgrind

Check Details

Version: 1.5-5
Check: compiled code
Result: NOTE
    File ‘mnormt/libs/mnormt.so’:
     Found no calls to: ‘R_registerRoutines’, ‘R_useDynamicSymbols’
    
    It is good practice to register native routines and to disable symbol
    search.
    
    See ‘Writing portable packages’ in the ‘Writing R Extensions’ manual.
Flavors: r-devel-linux-x86_64-debian-clang, r-devel-linux-x86_64-debian-gcc, r-devel-linux-x86_64-fedora-clang, r-devel-linux-x86_64-fedora-gcc, r-patched-linux-x86_64, r-release-linux-x86_64