CRAN Package Check Results for Package mnormt

Last updated on 2018-10-24 05:49:51 CEST.

Flavor Version Tinstall Tcheck Ttotal Status Flags
r-devel-linux-x86_64-debian-clang 1.5-5 3.22 18.89 22.11 OK
r-devel-linux-x86_64-debian-gcc 1.5-5 2.52 15.27 17.79 OK
r-devel-linux-x86_64-fedora-clang 1.5-5 26.38 NOTE
r-devel-linux-x86_64-fedora-gcc 1.5-5 24.97 NOTE
r-devel-windows-ix86+x86_64 1.5-5 17.00 48.00 65.00 OK
r-patched-linux-x86_64 1.5-5 2.83 16.97 19.80 OK
r-patched-solaris-x86 1.5-5 39.50 OK
r-release-linux-x86_64 1.5-5 2.63 17.21 19.84 OK
r-release-windows-ix86+x86_64 1.5-5 17.00 33.00 50.00 OK
r-release-osx-x86_64 1.5-5 OK
r-oldrel-windows-ix86+x86_64 1.5-5 9.00 31.00 40.00 OK
r-oldrel-osx-x86_64 1.5-5 OK

Additional issues

valgrind

Check Details

Version: 1.5-5
Check: compiled code
Result: NOTE
    File ‘mnormt/libs/mnormt.so’:
     Found no calls to: ‘R_registerRoutines’, ‘R_useDynamicSymbols’
    
    It is good practice to register native routines and to disable symbol
    search.
    
    See ‘Writing portable packages’ in the ‘Writing R Extensions’ manual.
Flavors: r-devel-linux-x86_64-fedora-clang, r-devel-linux-x86_64-fedora-gcc