CRAN Package Check Results for Package mnormt

Last updated on 2018-04-27 04:50:51 CEST.

Flavor Version Tinstall Tcheck Ttotal Status Flags
r-devel-linux-x86_64-debian-clang 1.5-5 2.83 16.04 18.87 NOTE
r-devel-linux-x86_64-debian-gcc 1.5-5 2.27 13.71 15.98 NOTE
r-devel-linux-x86_64-fedora-clang 1.5-5 24.68 NOTE
r-devel-linux-x86_64-fedora-gcc 1.5-5 23.67 NOTE
r-devel-windows-ix86+x86_64 1.5-5 17.00 33.00 50.00 OK
r-patched-linux-x86_64 1.5-5 2.97 17.01 19.98 NOTE
r-patched-solaris-x86 1.5-5 39.40 OK
r-release-linux-x86_64 1.5-5 2.65 17.12 19.77 NOTE
r-release-windows-ix86+x86_64 1.5-5 17.00 33.00 50.00 OK
r-release-osx-x86_64 1.5-5 OK
r-oldrel-windows-ix86+x86_64 1.5-5 9.00 31.00 40.00 OK
r-oldrel-osx-x86_64 1.5-5 OK

Additional issues

valgrind

Check Details

Version: 1.5-5
Check: compiled code
Result: NOTE
    File ‘mnormt/libs/mnormt.so’:
     Found no calls to: ‘R_registerRoutines’, ‘R_useDynamicSymbols’
    
    It is good practice to register native routines and to disable symbol
    search.
    
    See ‘Writing portable packages’ in the ‘Writing R Extensions’ manual.
Flavors: r-devel-linux-x86_64-debian-clang, r-devel-linux-x86_64-debian-gcc, r-devel-linux-x86_64-fedora-clang, r-devel-linux-x86_64-fedora-gcc, r-patched-linux-x86_64, r-release-linux-x86_64