CRAN Package Check Results for Package mnt

Last updated on 2021-05-13 22:51:06 CEST.

Flavor Version Tinstall Tcheck Ttotal Status Flags
r-devel-linux-x86_64-debian-clang 1.3 4.68 59.66 64.34 OK
r-devel-linux-x86_64-debian-gcc 1.3 3.56 43.00 46.56 OK
r-devel-linux-x86_64-fedora-clang 1.3 90.14 NOTE
r-devel-linux-x86_64-fedora-gcc 1.3 75.42 OK
r-devel-windows-ix86+x86_64 1.3 9.00 57.00 66.00 OK
r-devel-windows-x86_64-gcc10-UCRT 1.3 OK
r-patched-linux-x86_64 1.3 5.64 56.47 62.11 OK
r-patched-solaris-x86 1.3 98.70 OK
r-release-linux-x86_64 1.3 4.57 57.35 61.92 OK
r-release-macos-x86_64 1.3 OK
r-release-windows-ix86+x86_64 1.3 7.00 88.00 95.00 OK
r-oldrel-macos-x86_64 1.3 OK
r-oldrel-windows-ix86+x86_64 1.3 9.00 59.00 68.00 OK

Check Details

Version: 1.3
Check: Rd cross-references
Result: NOTE
    Undeclared package ‘energy’ in Rd xrefs
Flavor: r-devel-linux-x86_64-fedora-clang