CRAN Package Check Results for Package mobilityIndexR

Last updated on 2022-08-09 20:53:54 CEST.

Flavor Version Tinstall Tcheck Ttotal Status Flags
r-devel-linux-x86_64-debian-clang 0.2.1 2.32 44.45 46.77 NOTE
r-devel-linux-x86_64-debian-gcc 0.2.1 2.02 31.91 33.93 NOTE
r-devel-linux-x86_64-fedora-clang 0.2.1 63.01 NOTE
r-devel-linux-x86_64-fedora-gcc 0.2.1 62.60 NOTE
r-devel-windows-x86_64 0.2.1 35.00 72.00 107.00 NOTE
r-patched-linux-x86_64 0.2.1 2.62 39.99 42.61 OK
r-release-linux-x86_64 0.2.1 OK
r-release-macos-arm64 0.2.1 19.00 OK
r-release-macos-x86_64 0.2.1 27.00 OK
r-release-windows-x86_64 0.2.1 35.00 72.00 107.00 OK
r-oldrel-macos-arm64 0.2.1 25.00 OK
r-oldrel-macos-x86_64 0.2.1 36.00 OK
r-oldrel-windows-ix86+x86_64 0.2.1 6.00 62.00 68.00 OK

Check Details

Version: 0.2.1
Check: package subdirectories
Result: NOTE
    Problems with news in 'NEWS.md':
    No news entries found.
Flavors: r-devel-linux-x86_64-debian-clang, r-devel-linux-x86_64-debian-gcc, r-devel-linux-x86_64-fedora-clang, r-devel-linux-x86_64-fedora-gcc, r-devel-windows-x86_64