CRAN Package Check Results for Package mobilityIndexR

Last updated on 2024-07-14 04:52:18 CEST.

Flavor Version Tinstall Tcheck Ttotal Status Flags
r-devel-linux-x86_64-debian-clang 0.2.1 2.04 45.22 47.26 NOTE
r-devel-linux-x86_64-debian-gcc 0.2.1 2.16 33.47 35.63 NOTE
r-devel-linux-x86_64-fedora-clang 0.2.1 61.55 NOTE
r-devel-linux-x86_64-fedora-gcc 0.2.1 71.11 NOTE
r-devel-windows-x86_64 0.2.1 3.00 54.00 57.00 NOTE
r-patched-linux-x86_64 0.2.1 2.86 43.67 46.53 NOTE
r-release-linux-x86_64 0.2.1 2.28 42.94 45.22 NOTE
r-release-macos-arm64 0.2.1 26.00 NOTE
r-release-macos-x86_64 0.2.1 44.00 NOTE
r-release-windows-x86_64 0.2.1 5.00 54.00 59.00 NOTE
r-oldrel-macos-arm64 0.2.1 27.00 NOTE
r-oldrel-macos-x86_64 0.2.1 42.00 NOTE
r-oldrel-windows-x86_64 0.2.1 4.00 62.00 66.00 NOTE

Check Details

Version: 0.2.1
Check: package subdirectories
Result: NOTE Problems with news in ‘NEWS.md’: No news entries found. Flavors: r-devel-linux-x86_64-debian-clang, r-devel-linux-x86_64-debian-gcc, r-devel-linux-x86_64-fedora-clang, r-devel-linux-x86_64-fedora-gcc, r-devel-windows-x86_64, r-patched-linux-x86_64, r-release-linux-x86_64, r-release-macos-arm64, r-release-macos-x86_64, r-release-windows-x86_64, r-oldrel-macos-arm64, r-oldrel-macos-x86_64, r-oldrel-windows-x86_64