CRAN Package Check Results for Package mobirep

Last updated on 2021-06-23 23:50:41 CEST.

Flavor Version Tinstall Tcheck Ttotal Status Flags
r-devel-linux-x86_64-debian-clang 0.2.3 11.13 178.57 189.70 OK
r-devel-linux-x86_64-debian-gcc 0.2.3 9.60 130.44 140.04 OK
r-devel-linux-x86_64-fedora-clang 0.2.3 227.94 NOTE
r-devel-linux-x86_64-fedora-gcc 0.2.3 218.26 OK
r-devel-windows-x86_64 0.2.3 19.00 154.00 173.00 OK
r-devel-windows-x86_64-gcc10-UCRT 0.2.3 OK
r-patched-linux-x86_64 0.2.3 10.82 164.99 175.81 OK
r-patched-solaris-x86 0.2.3 319.20 OK
r-release-linux-x86_64 0.2.3 10.38 165.78 176.16 OK
r-release-macos-arm64 0.2.3 OK
r-release-macos-x86_64 0.2.3 OK
r-release-windows-ix86+x86_64 0.2.3 19.00 152.00 171.00 OK
r-oldrel-macos-x86_64 0.2.3 OK

Check Details

Version: 0.2.3
Check: Rd cross-references
Result: NOTE
    Undeclared package ‘geomorph’ in Rd xrefs
Flavor: r-devel-linux-x86_64-fedora-clang