CRAN Package Check Results for Package mockery

Last updated on 2019-03-24 14:49:38 CET.

Flavor Version Tinstall Tcheck Ttotal Status Flags
r-devel-linux-x86_64-debian-clang 0.4.1.1 1.54 43.03 44.57 OK
r-devel-linux-x86_64-debian-gcc 0.4.1.1 1.35 35.81 37.16 OK
r-devel-linux-x86_64-fedora-clang 0.4.1.1 54.86 OK
r-devel-linux-x86_64-fedora-gcc 0.4.1.1 51.77 OK
r-devel-windows-ix86+x86_64 0.4.1.1 6.00 52.00 58.00 OK
r-patched-linux-x86_64 0.4.1.1 0.70 40.64 41.34 OK
r-patched-solaris-x86 0.4.1.1 48.70 OK
r-release-linux-x86_64 0.4.1.1 0.31 2.14 2.45 ERROR
r-release-windows-ix86+x86_64 0.4.1.1 3.00 39.00 42.00 OK
r-release-osx-x86_64 0.4.1.1 OK
r-oldrel-windows-ix86+x86_64 0.4.1.1 3.00 95.00 98.00 OK
r-oldrel-osx-x86_64 0.4.1.1 OK

Check Details

Version: 0.4.1.1
Check: whether package can be installed
Result: ERROR
    Installation failed.
Flavor: r-release-linux-x86_64