CRAN Package Check Results for Package mod

Last updated on 2022-12-07 10:50:03 CET.

Flavor Version Tinstall Tcheck Ttotal Status Flags
r-devel-linux-x86_64-debian-clang 0.1.3 2.24 25.87 28.11 NOTE
r-devel-linux-x86_64-debian-gcc 0.1.3 1.61 20.54 22.15 NOTE
r-devel-linux-x86_64-fedora-clang 0.1.3 45.97 NOTE
r-devel-linux-x86_64-fedora-gcc 0.1.3 44.09 NOTE
r-devel-windows-x86_64 0.1.3 14.00 55.00 69.00 NOTE
r-patched-linux-x86_64 0.1.3 2.31 24.67 26.98 NOTE
r-release-linux-x86_64 0.1.3 1.71 25.48 27.19 NOTE
r-release-macos-arm64 0.1.3 15.00 NOTE
r-release-macos-x86_64 0.1.3 21.00 NOTE
r-release-windows-x86_64 0.1.3 11.00 54.00 65.00 NOTE
r-oldrel-macos-arm64 0.1.3 18.00 NOTE
r-oldrel-macos-x86_64 0.1.3 27.00 NOTE
r-oldrel-windows-ix86+x86_64 0.1.3 6.00 51.00 57.00 NOTE

Check Details

Version: 0.1.3
Check: LazyData
Result: NOTE
     'LazyData' is specified without a 'data' directory
Flavors: r-devel-linux-x86_64-debian-clang, r-devel-linux-x86_64-debian-gcc, r-devel-linux-x86_64-fedora-clang, r-devel-linux-x86_64-fedora-gcc, r-devel-windows-x86_64, r-patched-linux-x86_64, r-release-linux-x86_64, r-release-macos-arm64, r-release-macos-x86_64, r-release-windows-x86_64, r-oldrel-macos-arm64, r-oldrel-macos-x86_64, r-oldrel-windows-ix86+x86_64