Last updated on 2022-05-17 20:51:24 CEST.
Flavor | Version | Tinstall | Tcheck | Ttotal | Status | Flags |
---|---|---|---|---|---|---|
r-devel-linux-x86_64-debian-clang | 1.0.4 | 84.19 | 117.76 | 201.95 | OK | |
r-devel-linux-x86_64-debian-gcc | 1.0.4 | 66.67 | 88.28 | 154.95 | OK | |
r-devel-linux-x86_64-fedora-clang | 1.0.4 | 266.41 | NOTE | |||
r-devel-linux-x86_64-fedora-gcc | 1.0.4 | 251.78 | NOTE | |||
r-devel-windows-x86_64 | 1.0.4 | 86.00 | 155.00 | 241.00 | OK | |
r-patched-linux-x86_64 | 1.0.4 | 73.39 | 112.38 | 185.77 | OK | |
r-release-linux-x86_64 | 1.0.4 | 74.69 | 111.91 | 186.60 | OK | |
r-release-macos-arm64 | 1.0.4 | 59.00 | NOTE | |||
r-release-macos-x86_64 | 1.0.4 | 90.00 | NOTE | |||
r-release-windows-x86_64 | 1.0.4 | 79.00 | 157.00 | 236.00 | OK | |
r-oldrel-macos-arm64 | 1.0.4 | 79.00 | NOTE | |||
r-oldrel-macos-x86_64 | 1.0.4 | 90.00 | NOTE | |||
r-oldrel-windows-ix86+x86_64 | 1.0.4 | 216.00 | 202.00 | 418.00 | OK |
Version: 1.0.4
Check: data for non-ASCII characters
Result: NOTE
Note: found 18 marked Latin-1 strings
Flavors: r-devel-linux-x86_64-fedora-clang, r-devel-linux-x86_64-fedora-gcc, r-release-macos-arm64, r-release-macos-x86_64, r-oldrel-macos-arm64, r-oldrel-macos-x86_64