CRAN Package Check Results for Package modelDown

Last updated on 2021-04-15 03:49:30 CEST.

Flavor Version Tinstall Tcheck Ttotal Status Flags
r-devel-linux-x86_64-debian-clang 1.1 5.72 173.44 179.16 NOTE
r-devel-linux-x86_64-debian-gcc 1.1 4.47 142.30 146.77 NOTE
r-devel-linux-x86_64-fedora-clang 1.1 220.72 NOTE
r-devel-linux-x86_64-fedora-gcc 1.1 207.21 NOTE
r-devel-windows-ix86+x86_64 1.1 18.00 4.00 22.00 ERROR
r-devel-windows-x86_64-gcc10-UCRT 1.1 NOTE
r-patched-linux-x86_64 1.1 5.90 164.67 170.57 OK
r-patched-solaris-x86 1.1 2013.90 ERROR
r-release-linux-x86_64 1.1 6.23 166.11 172.34 OK
r-release-macos-x86_64 1.1 NOTE
r-release-windows-ix86+x86_64 1.1 18.00 183.00 201.00 OK
r-oldrel-macos-x86_64 1.1 NOTE
r-oldrel-windows-ix86+x86_64 1.1 9.00 101.00 110.00 OK

Check Details

Version: 1.1
Check: LazyData
Result: NOTE
     'LazyData' is specified without a 'data' directory
Flavors: r-devel-linux-x86_64-debian-clang, r-devel-linux-x86_64-debian-gcc, r-devel-linux-x86_64-fedora-clang, r-devel-linux-x86_64-fedora-gcc, r-devel-windows-x86_64-gcc10-UCRT

Version: 1.1
Check: dependencies in R code
Result: NOTE
    Namespaces in Imports field not imported from:
     ‘DALEX’ ‘DT’ ‘auditor’ ‘breakDown’ ‘drifter’ ‘svglite’
     All declared Imports should be used.
Flavors: r-devel-linux-x86_64-fedora-clang, r-devel-linux-x86_64-fedora-gcc, r-devel-windows-x86_64-gcc10-UCRT, r-patched-solaris-x86, r-release-macos-x86_64, r-oldrel-macos-x86_64

Version: 1.1
Check: whether package can be installed
Result: ERROR
    Installation failed.
Flavor: r-devel-windows-ix86+x86_64

Version: 1.1
Check: tests
Result: ERROR
     Running ‘testthat.R’ [32m/10m]
    Running the tests in ‘tests/testthat.R’ failed.
    Complete output:
     > library(testthat)
     > library(DALEX)
     Welcome to DALEX (version: 2.2.0).
     Find examples and detailed introduction at: http://ema.drwhy.ai/
     Additional features will be available after installation of: ggpubr.
     Use 'install_dependencies()' to get all suggested dependencies
     > library(devtools)
     Loading required package: usethis
    
     Attaching package: 'devtools'
    
     The following object is masked from 'package:testthat':
    
     test_file
    
     > library(modelDown)
     >
     > test_check("modelDown")
     Preparation of a new explainer is initiated
     -> model label : ranger ( <1b>[33m default <1b>[39m )
     -> data : 3000 rows 10 cols
     -> target variable : 3000 values
     -> predict function : function(model, data) { return(predict(model, data)$prediction[, 2]) }
     -> predicted values : No value for predict function target column. ( <1b>[33m default <1b>[39m )
     -> model_info : package ranger , ver. 0.12.1 , task classification ( <1b>[33m default <1b>[39m )
     -> predicted values : numerical, min = 5.128205e-05 , mean = 0.6685384 , max = 1
     -> residual function : difference between y and yhat ( <1b>[33m default <1b>[39m )
     -> residuals : numerical, min = -0.6634657 , mean = -0.001871775 , max = 0.7206049
     <1b>[32m A new explainer has been created! <1b>[39m
     Preparation of a new explainer is initiated
     -> model label : lm ( <1b>[33m default <1b>[39m )
     -> data : 3000 rows 10 cols
     -> target variable : 3000 values
     -> predict function : yhat.glm will be used ( <1b>[33m default <1b>[39m )
     -> predicted values : No value for predict function target column. ( <1b>[33m default <1b>[39m )
     -> model_info : package stats , ver. 4.0.5 , task classification ( <1b>[33m default <1b>[39m )
     -> predicted values : numerical, min = 0.001706436 , mean = 0.6666667 , max = 1
     -> residual function : difference between y and yhat ( <1b>[33m default <1b>[39m )
     -> residuals : numerical, min = -0.9989112 , mean = 1.673979e-09 , max = 0.9848484
     <1b>[32m A new explainer has been created! <1b>[39m
     Preparation of a new explainer is initiated
     -> model label : lm ( <1b>[33m default <1b>[39m )
     -> data : 4000 rows 10 cols
     -> target variable : 4000 values
     -> predict function : yhat.glm will be used ( <1b>[33m default <1b>[39m )
     -> predicted values : No value for predict function target column. ( <1b>[33m default <1b>[39m )
     -> model_info : package stats , ver. 4.0.5 , task classification ( <1b>[33m default <1b>[39m )
     -> predicted values : numerical, min = 0.001281044 , mean = 0.5 , max = 1
     -> residual function : difference between y and yhat ( <1b>[33m default <1b>[39m )
     -> residuals : numerical, min = -0.9970616 , mean = 1.253319e-09 , max = 0.9891096
     <1b>[32m A new explainer has been created! <1b>[39m
     [1] "Generating auditor..."
     [1] "Generating drifter..."
     Preparation of a new explainer is initiated
     -> model label : model_old
     -> data : 4000 rows 10 cols
     -> target variable : not specified! ( <1b>[31m WARNING <1b>[39m )
     -> predict function : predict_function
     -> predicted values : No value for predict function target column. ( <1b>[33m default <1b>[39m )
     -> model_info : package stats , ver. 4.0.5 , task classification ( <1b>[33m default <1b>[39m )
     -> model_info : Model info detected classification task but 'y' is a NULL . ( <1b>[31m WARNING <1b>[39m )
     -> model_info : By deafult classification tasks supports only numercical 'y' parameter.
     -> model_info : Consider changing to numerical vector with 0 and 1 values.
     -> model_info : Otherwise I will not be able to calculate residuals or loss function.
     -> predicted values : numerical, min = 0.001706436 , mean = 0.5897454 , max = 1
     -> residual function : difference between y and yhat ( <1b>[33m default <1b>[39m )
     <1b>[32m A new explainer has been created! <1b>[39m
     Preparation of a new explainer is initiated
     -> model label : model_new
     -> data : 4000 rows 10 cols
     -> target variable : not specified! ( <1b>[31m WARNING <1b>[39m )
     -> predict function : predict_function
     -> predicted values : No value for predict function target column. ( <1b>[33m default <1b>[39m )
     -> model_info : package stats , ver. 4.0.5 , task classification ( <1b>[33m default <1b>[39m )
     -> model_info : Model info detected classification task but 'y' is a NULL . ( <1b>[31m WARNING <1b>[39m )
     -> model_info : By deafult classification tasks supports only numercical 'y' parameter.
     -> model_info : Consider changing to numerical vector with 0 and 1 values.
     -> model_info : Otherwise I will not be able to calculate residuals or loss function.
     -> predicted values : numerical, min = 0.001706436 , mean = 0.5897454 , max = 1
     -> residual function : difference between y and yhat ( <1b>[33m default <1b>[39m )
     <1b>[32m A new explainer has been created! <1b>[39m
     [1] "Generating model_performance..."
     [1] "Generating variable_importance..."
     [1] "Generating variable_response..."
Flavor: r-patched-solaris-x86