CRAN Package Check Results for Package modelc

Last updated on 2024-04-20 21:56:11 CEST.

Flavor Version Tinstall Tcheck Ttotal Status Flags
r-devel-linux-x86_64-debian-clang 1.0.0.0 1.65 22.97 24.62 NOTE
r-devel-linux-x86_64-debian-gcc 1.0.0.0 1.68 18.35 20.03 NOTE
r-devel-linux-x86_64-fedora-clang 1.0.0.0 32.30 NOTE
r-devel-linux-x86_64-fedora-gcc 1.0.0.0 30.69 NOTE
r-prerel-macos-arm64 1.0.0.0 15.00 NOTE
r-prerel-windows-x86_64 1.0.0.0 3.00 41.00 44.00 NOTE
r-patched-linux-x86_64 1.0.0.0 1.92 23.08 25.00 NOTE
r-release-linux-x86_64 1.0.0.0 2.03 23.22 25.25 NOTE
r-release-macos-arm64 1.0.0.0 16.00 NOTE
r-release-macos-x86_64 1.0.0.0 20.00 NOTE
r-release-windows-x86_64 1.0.0.0 3.00 45.00 48.00 NOTE
r-oldrel-macos-arm64 1.0.0.0 18.00 NOTE
r-oldrel-windows-x86_64 1.0.0.0 3.00 47.00 50.00 NOTE

Check Details

Version: 1.0.0.0
Check: LazyData
Result: NOTE 'LazyData' is specified without a 'data' directory Flavors: r-devel-linux-x86_64-debian-clang, r-devel-linux-x86_64-debian-gcc, r-devel-linux-x86_64-fedora-clang, r-devel-linux-x86_64-fedora-gcc, r-prerel-macos-arm64, r-prerel-windows-x86_64, r-patched-linux-x86_64, r-release-linux-x86_64, r-release-macos-arm64, r-release-macos-x86_64, r-release-windows-x86_64, r-oldrel-macos-arm64, r-oldrel-windows-x86_64