Last updated on 2022-05-16 05:50:16 CEST.
Flavor | Version | Tinstall | Tcheck | Ttotal | Status | Flags |
---|---|---|---|---|---|---|
r-devel-linux-x86_64-debian-clang | 0.1.1 | 3.02 | 49.89 | 52.91 | OK | |
r-devel-linux-x86_64-debian-gcc | 0.1.1 | 2.08 | 39.04 | 41.12 | OK | |
r-devel-linux-x86_64-fedora-clang | 0.1.1 | 63.62 | NOTE | |||
r-devel-linux-x86_64-fedora-gcc | 0.1.1 | 61.35 | NOTE | |||
r-devel-windows-x86_64 | 0.1.1 | 35.00 | 78.00 | 113.00 | OK | |
r-patched-linux-x86_64 | 0.1.1 | 3.66 | 48.17 | 51.83 | OK | |
r-release-linux-x86_64 | 0.1.1 | 2.64 | 48.56 | 51.20 | OK | |
r-release-macos-arm64 | 0.1.1 | 25.00 | NOTE | |||
r-release-macos-x86_64 | 0.1.1 | 35.00 | NOTE | |||
r-release-windows-x86_64 | 0.1.1 | 62.00 | 77.00 | 139.00 | OK | |
r-oldrel-macos-arm64 | 0.1.1 | 27.00 | NOTE | |||
r-oldrel-macos-x86_64 | 0.1.1 | 34.00 | NOTE | |||
r-oldrel-windows-ix86+x86_64 | 0.1.1 | 6.00 | 68.00 | 74.00 | OK |
Version: 0.1.1
Check: data for non-ASCII characters
Result: NOTE
Note: found 313 marked UTF-8 strings
Flavors: r-devel-linux-x86_64-fedora-clang, r-devel-linux-x86_64-fedora-gcc, r-release-macos-arm64, r-release-macos-x86_64, r-oldrel-macos-arm64, r-oldrel-macos-x86_64