CRAN Package Check Results for Package modelimpact

Last updated on 2024-03-04 20:52:57 CET.

Flavor Version Tinstall Tcheck Ttotal Status Flags
r-devel-linux-x86_64-debian-clang 1.0.0 1.68 25.68 27.36 OK
r-devel-linux-x86_64-debian-gcc 1.0.0 1.83 19.88 21.71 OK
r-devel-linux-x86_64-fedora-clang 1.0.0 34.65 NOTE
r-devel-linux-x86_64-fedora-gcc 1.0.0 34.56 NOTE
r-devel-windows-x86_64 1.0.0 4.00 42.00 46.00 OK
r-patched-linux-x86_64 1.0.0 1.58 25.20 26.78 OK
r-release-linux-x86_64 1.0.0 1.63 24.96 26.59 OK
r-release-macos-arm64 1.0.0 20.00 OK
r-release-macos-x86_64 1.0.0 21.00 OK
r-release-windows-x86_64 1.0.0 4.00 45.00 49.00 OK
r-oldrel-macos-arm64 1.0.0 17.00 NOTE
r-oldrel-windows-x86_64 1.0.0 4.00 46.00 50.00 OK

Check Details

Version: 1.0.0
Check: dependencies in R code
Result: NOTE Namespace in Imports field not imported from: ‘utils’ All declared Imports should be used. Flavors: r-devel-linux-x86_64-fedora-clang, r-devel-linux-x86_64-fedora-gcc, r-oldrel-macos-arm64