CRAN Package Check Results for Package modeltools

Last updated on 2020-02-27 17:51:01 CET.

Flavor Version Tinstall Tcheck Ttotal Status Flags
r-devel-linux-x86_64-debian-clang 0.2-22 4.17 28.86 33.03 OK
r-devel-linux-x86_64-debian-gcc 0.2-22 2.68 23.67 26.35 OK
r-devel-linux-x86_64-fedora-clang 0.2-22 42.09 NOTE
r-devel-linux-x86_64-fedora-gcc 0.2-22 40.60 NOTE
r-devel-windows-ix86+x86_64 0.2-22 9.00 43.00 52.00 OK
r-devel-windows-ix86+x86_64-gcc8 0.2-22 10.00 43.00 53.00 OK
r-patched-linux-x86_64 0.2-22 2.99 27.00 29.99 OK
r-patched-solaris-x86 0.2-22 65.70 OK
r-release-linux-x86_64 0.2-22 2.76 26.48 29.24 OK
r-release-windows-ix86+x86_64 0.2-22 8.00 57.00 65.00 OK
r-release-osx-x86_64 0.2-22 OK
r-oldrel-windows-ix86+x86_64 0.2-22 5.00 36.00 41.00 OK
r-oldrel-osx-x86_64 0.2-22 OK

Check Details

Version: 0.2-22
Check: top-level files
Result: NOTE
    ‘cleanup’: /bin/bash is not portable
Flavors: r-devel-linux-x86_64-fedora-clang, r-devel-linux-x86_64-fedora-gcc