CRAN Package Check Results for Package mojson

Last updated on 2022-11-30 18:50:27 CET.

Flavor Version Tinstall Tcheck Ttotal Status Flags
r-devel-linux-x86_64-debian-clang 0.1 6.41 53.15 59.56 NOTE
r-devel-linux-x86_64-debian-gcc 0.1 4.47 39.90 44.37 NOTE
r-devel-linux-x86_64-fedora-clang 0.1 85.10 NOTE
r-devel-linux-x86_64-fedora-gcc 0.1 90.92 NOTE
r-devel-windows-x86_64 0.1 13.00 116.00 129.00 NOTE
r-patched-linux-x86_64 0.1 6.20 49.42 55.62 NOTE
r-release-linux-x86_64 0.1 6.45 59.80 66.25 NOTE
r-release-macos-arm64 0.1 28.00 NOTE
r-release-macos-x86_64 0.1 54.00 NOTE
r-release-windows-x86_64 0.1 11.00 106.00 117.00 NOTE
r-oldrel-macos-arm64 0.1 36.00 NOTE
r-oldrel-macos-x86_64 0.1 57.00 NOTE
r-oldrel-windows-ix86+x86_64 0.1 15.00 73.00 88.00 NOTE

Check Details

Version: 0.1
Check: LazyData
Result: NOTE
     'LazyData' is specified without a 'data' directory
Flavors: r-devel-linux-x86_64-debian-clang, r-devel-linux-x86_64-debian-gcc, r-devel-linux-x86_64-fedora-clang, r-devel-linux-x86_64-fedora-gcc, r-devel-windows-x86_64, r-patched-linux-x86_64, r-release-linux-x86_64, r-release-macos-arm64, r-release-macos-x86_64, r-release-windows-x86_64, r-oldrel-macos-arm64, r-oldrel-macos-x86_64, r-oldrel-windows-ix86+x86_64