CRAN Package Check Results for Package mojson

Last updated on 2023-12-09 19:54:17 CET.

Flavor Version Tinstall Tcheck Ttotal Status Flags
r-devel-linux-x86_64-debian-clang 0.1 5.40 48.77 54.17 NOTE
r-devel-linux-x86_64-debian-gcc 0.1 5.12 36.50 41.62 NOTE
r-devel-linux-x86_64-fedora-clang 0.1 70.86 NOTE
r-devel-linux-x86_64-fedora-gcc 0.1 73.21 NOTE
r-devel-windows-x86_64 0.1 6.00 55.00 61.00 NOTE
r-patched-linux-x86_64 0.1 3.61 45.93 49.54 NOTE
r-release-linux-x86_64 0.1 4.57 45.94 50.51 NOTE
r-release-macos-arm64 0.1 30.00 NOTE
r-release-macos-x86_64 0.1 43.00 NOTE
r-release-windows-x86_64 0.1 8.00 64.00 72.00 NOTE
r-oldrel-macos-arm64 0.1 28.00 NOTE
r-oldrel-macos-x86_64 0.1 54.00 NOTE
r-oldrel-windows-x86_64 0.1 8.00 70.00 78.00 NOTE

Check Details

Version: 0.1
Check: LazyData
Result: NOTE 'LazyData' is specified without a 'data' directory Flavors: r-devel-linux-x86_64-debian-clang, r-devel-linux-x86_64-debian-gcc, r-devel-linux-x86_64-fedora-clang, r-devel-linux-x86_64-fedora-gcc, r-devel-windows-x86_64, r-patched-linux-x86_64, r-release-linux-x86_64, r-release-macos-arm64, r-release-macos-x86_64, r-release-windows-x86_64, r-oldrel-macos-arm64, r-oldrel-macos-x86_64, r-oldrel-windows-x86_64