CRAN Package Check Results for Package molic

Last updated on 2022-12-02 08:55:05 CET.

Flavor Version Tinstall Tcheck Ttotal Status Flags
r-devel-linux-x86_64-debian-clang 2.0.3 37.76 164.22 201.98 OK
r-devel-linux-x86_64-debian-gcc 2.0.3 34.11 118.60 152.71 OK
r-devel-linux-x86_64-fedora-clang 2.0.3 262.71 OK
r-devel-linux-x86_64-fedora-gcc 2.0.3 263.69 OK
r-devel-windows-x86_64 2.0.3 64.00 236.00 300.00 OK
r-patched-linux-x86_64 2.0.3 41.34 152.94 194.28 OK
r-release-linux-x86_64 2.0.3 39.95 149.99 189.94 OK
r-release-macos-arm64 2.0.3 77.00 NOTE
r-release-macos-x86_64 2.0.3 125.00 NOTE
r-release-windows-x86_64 2.0.3 58.00 243.00 301.00 OK
r-oldrel-macos-arm64 2.0.3 102.00 NOTE
r-oldrel-macos-x86_64 2.0.3 86.00 NOTE
r-oldrel-windows-ix86+x86_64 2.0.3 99.00 253.00 352.00 NOTE

Check Details

Version: 2.0.3
Check: installed package size
Result: NOTE
     installed size is 5.5Mb
     sub-directories of 1Mb or more:
     extdata 1.6Mb
     libs 2.7Mb
Flavors: r-release-macos-arm64, r-release-macos-x86_64, r-oldrel-macos-arm64, r-oldrel-macos-x86_64, r-oldrel-windows-ix86+x86_64