CRAN Package Check Results for Package mopa

Last updated on 2018-02-22 22:47:33 CET.

Flavor Version Tinstall Tcheck Ttotal Status Flags
r-devel-linux-x86_64-debian-clang 1.0.1 10.70 146.47 157.17 OK
r-devel-linux-x86_64-debian-gcc 1.0.1 8.15 121.52 129.67 OK
r-devel-linux-x86_64-fedora-clang 1.0.1 209.88 OK
r-devel-linux-x86_64-fedora-gcc 1.0.1 201.35 OK
r-devel-windows-ix86+x86_64 1.0.1 23.00 152.00 175.00 OK
r-patched-linux-x86_64 1.0.1 7.31 166.92 174.23 OK
r-patched-solaris-x86 1.0.1 315.30 OK
r-release-linux-x86_64 1.0.1 7.69 167.19 174.88 OK
r-release-windows-ix86+x86_64 1.0.1 23.00 207.00 230.00 OK
r-release-osx-x86_64 1.0.1 OK
r-oldrel-osx-x86_64 1.0.0 ERROR

Check Details

Version: 1.0.0
Check: whether package can be installed
Result: ERROR
    Installation failed.
Flavor: r-oldrel-osx-x86_64