CRAN Package Check Results for Package morphomap

Last updated on 2021-05-16 23:47:04 CEST.

Flavor Version Tinstall Tcheck Ttotal Status Flags
r-devel-linux-x86_64-debian-clang 1.3 25.64 220.94 246.58 OK
r-devel-linux-x86_64-debian-gcc 1.3 18.16 167.11 185.27 OK
r-devel-linux-x86_64-fedora-clang 1.3 306.13 OK
r-devel-linux-x86_64-fedora-gcc 1.3 291.03 OK
r-devel-windows-ix86+x86_64 1.3 57.00 183.00 240.00 OK
r-devel-windows-x86_64-gcc10-UCRT 1.3 OK
r-patched-linux-x86_64 1.3 25.68 213.04 238.72 OK
r-patched-solaris-x86 1.3 420.10 OK
r-release-linux-x86_64 1.3 21.90 204.80 226.70 OK
r-release-macos-x86_64 1.3 OK
r-release-windows-ix86+x86_64 1.3 39.00 177.00 216.00 OK
r-oldrel-macos-x86_64 1.3 WARN
r-oldrel-windows-ix86+x86_64 1.3 47.00 242.00 289.00 OK

Check Details

Version: 1.3
Check: whether package can be installed
Result: WARN
    Found the following significant warnings:
     Warning: 'rgl.init' failed, running with 'rgl.useNULL = TRUE'.
Flavor: r-oldrel-macos-x86_64