CRAN Package Check Results for Package mosaic

Last updated on 2022-10-07 19:52:19 CEST.

Flavor Version Tinstall Tcheck Ttotal Status Flags
r-devel-linux-x86_64-debian-clang 1.8.4.2 32.19 479.05 511.24 OK
r-devel-linux-x86_64-debian-gcc 1.8.4.2 24.43 340.73 365.16 OK
r-devel-linux-x86_64-fedora-clang 1.8.4.2 624.17 NOTE
r-devel-linux-x86_64-fedora-gcc 1.8.4.2 592.78 OK
r-devel-windows-x86_64 1.8.4.2 155.00 528.00 683.00 OK
r-patched-linux-x86_64 1.8.4.2 29.22 436.24 465.46 OK
r-release-linux-x86_64 1.8.4.2 31.35 433.14 464.49 OK
r-release-macos-arm64 1.8.4.2 116.00 OK
r-release-macos-x86_64 1.8.4.2 202.00 OK
r-release-windows-x86_64 1.8.4.2 134.00 521.00 655.00 OK
r-oldrel-macos-arm64 1.8.4.2 110.00 OK
r-oldrel-macos-x86_64 1.8.4.2 200.00 OK
r-oldrel-windows-ix86+x86_64 1.8.4.2 57.00 517.00 574.00 OK

Check Details

Version: 1.8.4.2
Check: Rd cross-references
Result: NOTE
    Undeclared package ‘cubature’ in Rd xrefs
Flavor: r-devel-linux-x86_64-fedora-clang