Last updated on 2022-05-19 09:53:18 CEST.
Flavor | Version | Tinstall | Tcheck | Ttotal | Status | Flags |
---|---|---|---|---|---|---|
r-devel-linux-x86_64-debian-clang | 0.5.1 | 13.88 | 141.03 | 154.91 | NOTE | |
r-devel-linux-x86_64-debian-gcc | 0.5.1 | 12.83 | 105.30 | 118.13 | NOTE | |
r-devel-linux-x86_64-fedora-clang | 0.5.1 | 185.10 | NOTE | |||
r-devel-linux-x86_64-fedora-gcc | 0.5.1 | 176.68 | NOTE | |||
r-devel-windows-x86_64 | 0.5.1 | 29.00 | 150.00 | 179.00 | NOTE | |
r-patched-linux-x86_64 | 0.5.1 | 11.86 | 130.37 | 142.23 | NOTE | |
r-release-linux-x86_64 | 0.5.1 | 13.35 | 130.67 | 144.02 | NOTE | |
r-release-macos-arm64 | 0.5.1 | 52.00 | NOTE | |||
r-release-macos-x86_64 | 0.5.1 | 84.00 | NOTE | |||
r-release-windows-x86_64 | 0.5.1 | 35.00 | 152.00 | 187.00 | NOTE | |
r-oldrel-macos-arm64 | 0.5.1 | 66.00 | NOTE | |||
r-oldrel-macos-x86_64 | 0.5.1 | 96.00 | NOTE | |||
r-oldrel-windows-ix86+x86_64 | 0.5.1 | 35.00 | 146.00 | 181.00 | NOTE |
Version: 0.5.1
Check: LazyData
Result: NOTE
'LazyData' is specified without a 'data' directory
Flavors: r-devel-linux-x86_64-debian-clang, r-devel-linux-x86_64-debian-gcc, r-devel-linux-x86_64-fedora-clang, r-devel-linux-x86_64-fedora-gcc, r-devel-windows-x86_64, r-patched-linux-x86_64, r-release-linux-x86_64, r-release-macos-arm64, r-release-macos-x86_64, r-release-windows-x86_64, r-oldrel-macos-arm64, r-oldrel-macos-x86_64, r-oldrel-windows-ix86+x86_64
Version: 0.5.1
Check: dependencies in R code
Result: NOTE
Namespaces in Imports field not imported from:
‘ggformula’ ‘magrittr’ ‘rlang’
All declared Imports should be used.
Flavors: r-devel-linux-x86_64-fedora-clang, r-devel-linux-x86_64-fedora-gcc, r-release-macos-arm64, r-release-macos-x86_64, r-oldrel-macos-arm64, r-oldrel-macos-x86_64