CRAN Package Check Results for Package mosaicModel

Last updated on 2018-05-25 10:48:30 CEST.

Flavor Version Tinstall Tcheck Ttotal Status Flags
r-devel-linux-x86_64-debian-clang 0.3.0 4.94 66.19 71.13 OK
r-devel-linux-x86_64-debian-gcc 0.3.0 4.02 56.16 60.18 OK
r-devel-linux-x86_64-fedora-clang 0.3.0 107.39 NOTE
r-devel-linux-x86_64-fedora-gcc 0.3.0 95.12 NOTE
r-devel-windows-ix86+x86_64 0.3.0 11.00 79.00 90.00 OK
r-patched-linux-x86_64 0.3.0 3.88 65.43 69.31 OK
r-patched-solaris-x86 0.3.0 129.10 NOTE
r-release-linux-x86_64 0.3.0 4.57 65.39 69.96 OK
r-release-windows-ix86+x86_64 0.3.0 16.00 102.00 118.00 OK
r-release-osx-x86_64 0.3.0 NOTE
r-oldrel-windows-ix86+x86_64 0.3.0 12.00 131.00 143.00 OK
r-oldrel-osx-x86_64 0.3.0 NOTE

Check Details

Version: 0.3.0
Check: dependencies in R code
Result: NOTE
    Namespaces in Imports field not imported from:
     ‘MASS’ ‘caret’ ‘ggformula’ ‘knitr’ ‘testthat’ ‘tidyverse’
     All declared Imports should be used.
Flavors: r-devel-linux-x86_64-fedora-clang, r-devel-linux-x86_64-fedora-gcc, r-patched-solaris-x86, r-release-osx-x86_64, r-oldrel-osx-x86_64