CRAN Package Check Results for Package mosaicModel

Last updated on 2018-02-18 02:47:06 CET.

Flavor Version Tinstall Tcheck Ttotal Status Flags
r-devel-linux-x86_64-debian-clang 0.3.0 3.92 69.54 73.46 OK
r-devel-linux-x86_64-debian-gcc 0.3.0 3.77 51.52 55.29 OK
r-devel-linux-x86_64-fedora-clang 0.3.0 101.04 NOTE
r-devel-linux-x86_64-fedora-gcc 0.3.0 86.53 NOTE
r-devel-windows-ix86+x86_64 0.3.0 9.00 71.00 80.00 OK
r-patched-linux-x86_64 0.3.0 3.38 82.76 86.14 OK
r-patched-solaris-x86 0.3.0 140.20 NOTE
r-release-linux-x86_64 0.3.0 3.00 80.43 83.43 OK
r-release-windows-ix86+x86_64 0.3.0 13.00 85.00 98.00 OK
r-release-osx-x86_64 0.3.0 NOTE
r-oldrel-windows-ix86+x86_64 0.3.0 9.00 109.00 118.00 OK
r-oldrel-osx-x86_64 0.3.0 NOTE

Check Details

Version: 0.3.0
Check: dependencies in R code
Result: NOTE
    Namespaces in Imports field not imported from:
     ‘MASS’ ‘caret’ ‘ggformula’ ‘knitr’ ‘testthat’ ‘tidyverse’
     All declared Imports should be used.
Flavors: r-devel-linux-x86_64-fedora-clang, r-devel-linux-x86_64-fedora-gcc, r-patched-solaris-x86, r-release-osx-x86_64, r-oldrel-osx-x86_64