CRAN Package Check Results for Package mosaicModel

Last updated on 2018-08-15 08:48:51 CEST.

Flavor Version Tinstall Tcheck Ttotal Status Flags
r-devel-linux-x86_64-debian-clang 0.3.0 4.57 78.18 82.75 OK
r-devel-linux-x86_64-debian-gcc 0.3.0 4.21 62.08 66.29 OK
r-devel-linux-x86_64-fedora-clang 0.3.0 99.38 NOTE
r-devel-linux-x86_64-fedora-gcc 0.3.0 94.88 NOTE
r-devel-windows-ix86+x86_64 0.3.0 10.00 80.00 90.00 OK
r-patched-linux-x86_64 0.3.0 4.12 68.07 72.19 OK
r-patched-solaris-x86 0.3.0 135.30 NOTE
r-release-linux-x86_64 0.3.0 4.69 69.69 74.38 OK
r-release-windows-ix86+x86_64 0.3.0 11.00 89.00 100.00 OK
r-release-osx-x86_64 0.3.0 NOTE
r-oldrel-windows-ix86+x86_64 0.3.0 15.00 136.00 151.00 OK
r-oldrel-osx-x86_64 0.3.0 NOTE

Check Details

Version: 0.3.0
Check: dependencies in R code
Result: NOTE
    Namespaces in Imports field not imported from:
     ‘MASS’ ‘caret’ ‘ggformula’ ‘knitr’ ‘testthat’ ‘tidyverse’
     All declared Imports should be used.
Flavors: r-devel-linux-x86_64-fedora-clang, r-devel-linux-x86_64-fedora-gcc, r-patched-solaris-x86, r-release-osx-x86_64, r-oldrel-osx-x86_64