CRAN Package Check Results for Package mosaicModel

Last updated on 2019-01-24 06:47:16 CET.

Flavor Version Tinstall Tcheck Ttotal Status Flags
r-devel-linux-x86_64-debian-clang 0.3.0 4.65 75.61 80.26 OK
r-devel-linux-x86_64-debian-gcc 0.3.0 3.87 55.49 59.36 OK
r-devel-linux-x86_64-fedora-clang 0.3.0 101.68 NOTE
r-devel-linux-x86_64-fedora-gcc 0.3.0 85.99 NOTE
r-devel-windows-ix86+x86_64 0.3.0 17.00 131.00 148.00 OK
r-patched-linux-x86_64 0.3.0 4.62 69.78 74.40 OK
r-patched-solaris-x86 0.3.0 137.40 NOTE
r-release-linux-x86_64 0.3.0 4.44 68.82 73.26 OK
r-release-windows-ix86+x86_64 0.3.0 12.00 86.00 98.00 OK
r-release-osx-x86_64 0.3.0 NOTE
r-oldrel-windows-ix86+x86_64 0.3.0 16.00 101.00 117.00 OK
r-oldrel-osx-x86_64 0.3.0 NOTE

Check Details

Version: 0.3.0
Check: dependencies in R code
Result: NOTE
    Namespaces in Imports field not imported from:
     ‘MASS’ ‘caret’ ‘ggformula’ ‘knitr’ ‘testthat’ ‘tidyverse’
     All declared Imports should be used.
Flavors: r-devel-linux-x86_64-fedora-clang, r-devel-linux-x86_64-fedora-gcc, r-patched-solaris-x86, r-release-osx-x86_64, r-oldrel-osx-x86_64