CRAN Package Check Results for Package motifr

Last updated on 2024-02-29 04:54:20 CET.

Flavor Version Tinstall Tcheck Ttotal Status Flags
r-devel-linux-x86_64-debian-clang 1.0.0 9.36 111.62 120.98 OK
r-devel-linux-x86_64-debian-gcc 1.0.0 5.60 83.26 88.86 OK
r-devel-linux-x86_64-fedora-clang 1.0.0 145.41 NOTE
r-devel-linux-x86_64-fedora-gcc 1.0.0 149.55 OK
r-devel-windows-x86_64 1.0.0 8.00 128.00 136.00 OK
r-patched-linux-x86_64 1.0.0 6.10 105.61 111.71 OK
r-release-linux-x86_64 1.0.0 5.24 108.62 113.86 OK
r-release-macos-arm64 1.0.0 55.00 OK
r-release-macos-x86_64 1.0.0 73.00 NOTE
r-release-windows-x86_64 1.0.0 9.00 140.00 149.00 OK
r-oldrel-macos-arm64 1.0.0 40.00 OK
r-oldrel-windows-x86_64 1.0.0 12.00 140.00 152.00 OK

Check Details

Version: 1.0.0
Check: Rd cross-references
Result: NOTE Undeclared package ‘graphlayouts’ in Rd xrefs Flavor: r-devel-linux-x86_64-fedora-clang

Version: 1.0.0
Check: package dependencies
Result: NOTE Package suggested but not available for checking: ‘ergm’ Flavor: r-release-macos-x86_64