Last updated on 2021-01-22 03:50:44 CET.
Flavor | Version | Tinstall | Tcheck | Ttotal | Status | Flags |
---|---|---|---|---|---|---|
r-devel-linux-x86_64-debian-clang | 2.1.3 | 21.71 | 261.54 | 283.25 | OK | |
r-devel-linux-x86_64-debian-gcc | 2.1.3 | 15.48 | 182.12 | 197.60 | OK | |
r-devel-linux-x86_64-fedora-clang | 2.1.3 | 325.34 | OK | |||
r-devel-linux-x86_64-fedora-gcc | 2.1.3 | 323.99 | OK | |||
r-devel-windows-ix86+x86_64 | 2.1.3 | 40.00 | 270.00 | 310.00 | OK | |
r-patched-linux-x86_64 | 2.1.3 | 19.54 | 233.50 | 253.04 | OK | |
r-patched-solaris-x86 | 2.1.3 | 383.10 | OK | |||
r-release-linux-x86_64 | 2.1.3 | 20.46 | 236.97 | 257.43 | OK | |
r-release-macos-x86_64 | 2.1.3 | OK | ||||
r-release-windows-ix86+x86_64 | 2.1.3 | 50.00 | 354.00 | 404.00 | OK | |
r-oldrel-macos-x86_64 | 2.1.3 | OK | ||||
r-oldrel-windows-ix86+x86_64 | 2.1.3 | 30.00 | 273.00 | 303.00 | NOTE |
Version: 2.1.3
Check: installed package size
Result: NOTE
installed size is 5.4Mb
sub-directories of 1Mb or more:
doc 3.8Mb
libs 1.1Mb
Flavor: r-oldrel-windows-ix86+x86_64