Last updated on 2022-06-25 17:51:34 CEST.
Flavor | Version | Tinstall | Tcheck | Ttotal | Status | Flags |
---|---|---|---|---|---|---|
r-devel-linux-x86_64-debian-clang | 3.2.1 | 119.24 | 110.34 | 229.58 | OK | |
r-devel-linux-x86_64-debian-gcc | 3.2.1 | 87.47 | 80.23 | 167.70 | OK | |
r-devel-linux-x86_64-fedora-clang | 3.2.1 | 328.71 | NOTE | |||
r-devel-linux-x86_64-fedora-gcc | 3.2.1 | 286.66 | OK | |||
r-devel-windows-x86_64 | 3.2.1 | 157.00 | 171.00 | 328.00 | OK | |
r-patched-linux-x86_64 | 3.2.1 | 95.05 | 105.16 | 200.21 | OK | |
r-release-linux-x86_64 | 3.2.1 | 88.88 | 104.97 | 193.85 | OK | |
r-release-macos-arm64 | 3.2.1 | 79.00 | NOTE | |||
r-release-macos-x86_64 | 3.2.1 | 134.00 | NOTE | |||
r-release-windows-x86_64 | 3.2.1 | 160.00 | 163.00 | 323.00 | OK | |
r-oldrel-macos-arm64 | 3.2.1 | 62.00 | NOTE | |||
r-oldrel-macos-x86_64 | 3.2.1 | 107.00 | NOTE | |||
r-oldrel-windows-ix86+x86_64 | 3.2.1 | 271.00 | 211.00 | 482.00 | NOTE |
Version: 3.2.1
Check: installed package size
Result: NOTE
installed size is 5.2Mb
sub-directories of 1Mb or more:
data 2.0Mb
libs 2.4Mb
Flavors: r-devel-linux-x86_64-fedora-clang, r-release-macos-arm64, r-release-macos-x86_64, r-oldrel-macos-arm64, r-oldrel-macos-x86_64, r-oldrel-windows-ix86+x86_64
Version: 3.2.1
Check: package dependencies
Result: NOTE
Package suggested but not available for checking: ‘readbulk’
Flavor: r-release-macos-x86_64
Version: 3.2.1
Check: Rd cross-references
Result: NOTE
Package unavailable to check Rd xrefs: ‘readbulk’
Flavor: r-release-macos-x86_64