CRAN Package Check Results for Package mousetrap

Last updated on 2024-02-25 17:50:26 CET.

Flavor Version Tinstall Tcheck Ttotal Status Flags
r-devel-linux-x86_64-debian-clang 3.2.3 131.47 103.45 234.92 OK
r-devel-linux-x86_64-debian-gcc 3.2.3 101.17 78.30 179.47 OK
r-devel-linux-x86_64-fedora-clang 3.2.3 339.67 OK
r-devel-linux-x86_64-fedora-gcc 3.2.3 316.09 OK
r-devel-windows-x86_64 3.2.3 96.00 129.00 225.00 OK
r-patched-linux-x86_64 3.2.3 94.70 102.24 196.94 OK
r-release-linux-x86_64 3.2.3 86.12 104.53 190.65 OK
r-release-macos-arm64 3.2.3 71.00 NOTE
r-release-macos-x86_64 3.2.3 116.00 NOTE
r-release-windows-x86_64 3.2.3 127.00 157.00 284.00 OK
r-oldrel-macos-arm64 3.2.3 81.00 NOTE
r-oldrel-windows-x86_64 3.2.3 118.00 145.00 263.00 OK

Check Details

Version: 3.2.3
Check: installed package size
Result: NOTE installed size is 5.8Mb sub-directories of 1Mb or more: data 2.3Mb libs 2.6Mb Flavors: r-release-macos-arm64, r-release-macos-x86_64, r-oldrel-macos-arm64