CRAN Package Check Results for Package movMF

Last updated on 2019-06-17 09:49:49 CEST.

Flavor Version Tinstall Tcheck Ttotal Status Flags
r-devel-linux-x86_64-debian-clang 0.2-4 4.11 49.12 53.23 NOTE
r-devel-linux-x86_64-debian-gcc 0.2-4 3.15 38.11 41.26 NOTE
r-devel-linux-x86_64-fedora-clang 0.2-4 63.55 NOTE
r-devel-linux-x86_64-fedora-gcc 0.2-4 60.87 NOTE
r-devel-windows-ix86+x86_64 0.2-4 18.00 70.00 88.00 NOTE
r-patched-linux-x86_64 0.2-4 3.16 49.58 52.74 NOTE
r-patched-solaris-x86 0.2-4 79.90 NOTE
r-release-linux-x86_64 0.2-4 3.92 49.22 53.14 NOTE
r-release-windows-ix86+x86_64 0.2-4 11.00 89.00 100.00 NOTE
r-release-osx-x86_64 0.2-4 NOTE
r-oldrel-windows-ix86+x86_64 0.2-4 9.00 84.00 93.00 NOTE
r-oldrel-osx-x86_64 0.2-4 NOTE

Check Details

Version: 0.2-4
Check: package dependencies
Result: NOTE
    Package suggested but not available for checking: 'corpus.useR.2008.abstracts'
Flavors: r-devel-linux-x86_64-debian-clang, r-devel-linux-x86_64-debian-gcc, r-devel-linux-x86_64-fedora-clang, r-devel-linux-x86_64-fedora-gcc, r-devel-windows-ix86+x86_64, r-patched-linux-x86_64, r-patched-solaris-x86, r-release-linux-x86_64, r-release-windows-ix86+x86_64, r-release-osx-x86_64, r-oldrel-windows-ix86+x86_64, r-oldrel-osx-x86_64