CRAN Package Check Results for Package movMF

Last updated on 2022-10-07 09:51:49 CEST.

Flavor Version Tinstall Tcheck Ttotal Status Flags
r-devel-linux-x86_64-debian-clang 0.2-7 4.67 143.24 147.91 NOTE
r-devel-linux-x86_64-debian-gcc 0.2-7 2.85 101.46 104.31 NOTE
r-devel-linux-x86_64-fedora-clang 0.2-7 192.72 NOTE
r-devel-linux-x86_64-fedora-gcc 0.2-7 183.39 NOTE
r-devel-windows-x86_64 0.2-7 21.00 206.00 227.00 NOTE
r-patched-linux-x86_64 0.2-7 5.18 122.14 127.32 NOTE
r-release-linux-x86_64 0.2-7 4.81 120.24 125.05 NOTE
r-release-macos-arm64 0.2-7 81.00 NOTE
r-release-macos-x86_64 0.2-7 153.00 NOTE
r-release-windows-x86_64 0.2-7 11.00 195.00 206.00 NOTE
r-oldrel-macos-arm64 0.2-7 80.00 NOTE
r-oldrel-macos-x86_64 0.2-7 106.00 NOTE
r-oldrel-windows-ix86+x86_64 0.2-7 17.00 172.00 189.00 NOTE

Check Details

Version: 0.2-7
Check: package dependencies
Result: NOTE
    Package suggested but not available for checking: 'corpus.useR.2008.abstracts'
Flavors: r-devel-linux-x86_64-debian-clang, r-devel-linux-x86_64-debian-gcc, r-devel-linux-x86_64-fedora-clang, r-devel-linux-x86_64-fedora-gcc, r-devel-windows-x86_64, r-patched-linux-x86_64, r-release-linux-x86_64, r-release-macos-arm64, r-release-macos-x86_64, r-release-windows-x86_64, r-oldrel-macos-arm64, r-oldrel-macos-x86_64, r-oldrel-windows-ix86+x86_64

Version: 0.2-7
Check: compilation flags used
Result: NOTE
    Compilation used the following non-portable flag(s):
     ‘-Wstrict-prototypes’
Flavor: r-devel-linux-x86_64-debian-gcc