CRAN Package Check Results for Package movMF

Last updated on 2019-04-22 04:51:40 CEST.

Flavor Version Tinstall Tcheck Ttotal Status Flags
r-devel-linux-x86_64-debian-clang 0.2-4 4.07 48.05 52.12 NOTE
r-devel-linux-x86_64-debian-gcc 0.2-4 2.76 37.80 40.56 NOTE
r-devel-linux-x86_64-fedora-clang 0.2-4 61.40 NOTE
r-devel-linux-x86_64-fedora-gcc 0.2-4 62.40 NOTE
r-devel-windows-ix86+x86_64 0.2-4 14.00 63.00 77.00 NOTE
r-patched-linux-x86_64 0.2-4 4.15 48.64 52.79 NOTE
r-patched-solaris-x86 0.2-4 73.90 NOTE
r-release-linux-x86_64 0.2-4 2.98 46.19 49.17 NOTE
r-release-windows-ix86+x86_64 0.2-4 8.00 92.00 100.00 NOTE
r-release-osx-x86_64 0.2-4 NOTE
r-oldrel-windows-ix86+x86_64 0.2-4 8.00 84.00 92.00 OK
r-oldrel-osx-x86_64 0.2-4 NOTE

Check Details

Version: 0.2-4
Check: package dependencies
Result: NOTE
    Package suggested but not available for checking: 'corpus.useR.2008.abstracts'
Flavors: r-devel-linux-x86_64-debian-clang, r-devel-linux-x86_64-debian-gcc, r-devel-linux-x86_64-fedora-clang, r-devel-linux-x86_64-fedora-gcc, r-devel-windows-ix86+x86_64, r-patched-linux-x86_64, r-patched-solaris-x86, r-release-linux-x86_64, r-release-windows-ix86+x86_64, r-release-osx-x86_64, r-oldrel-osx-x86_64