CRAN Package Check Results for Package mpbart

Last updated on 2019-11-19 06:48:32 CET.

Flavor Version Tinstall Tcheck Ttotal Status Flags
r-devel-linux-x86_64-debian-clang 0.2 13.13 35.33 48.46 OK
r-devel-linux-x86_64-debian-gcc 0.2 9.08 29.32 38.40 OK
r-devel-linux-x86_64-fedora-clang 0.2 62.07 NOTE
r-devel-linux-x86_64-fedora-gcc 0.2 58.25 NOTE
r-devel-windows-ix86+x86_64 0.2 41.00 99.00 140.00 OK
r-patched-linux-x86_64 0.2 10.17 35.85 46.02 OK
r-patched-solaris-x86 0.2 112.40 OK
r-release-linux-x86_64 0.2 9.25 34.99 44.24 OK
r-release-windows-ix86+x86_64 0.2 29.00 136.00 165.00 OK
r-release-osx-x86_64 0.2 OK
r-oldrel-windows-ix86+x86_64 0.2 24.00 120.00 144.00 OK
r-oldrel-osx-x86_64 0.2 OK

Check Details

Version: 0.2
Check: compiled code
Result: NOTE
    File ‘mpbart/libs/mpbart.so’:
     Found no calls to: ‘R_registerRoutines’, ‘R_useDynamicSymbols’
    
    It is good practice to register native routines and to disable symbol
    search.
    
    See ‘Writing portable packages’ in the ‘Writing R Extensions’ manual.
Flavors: r-devel-linux-x86_64-fedora-clang, r-devel-linux-x86_64-fedora-gcc