CRAN Package Check Results for Package mpe

Last updated on 2022-08-19 09:52:18 CEST.

Flavor Version Tinstall Tcheck Ttotal Status Flags
r-devel-linux-x86_64-debian-clang 1.0 2.91 339.76 342.67 NOTE
r-devel-linux-x86_64-debian-gcc 1.0 2.14 355.96 358.10 NOTE
r-devel-linux-x86_64-fedora-clang 1.0 574.83 NOTE
r-devel-linux-x86_64-fedora-gcc 1.0 566.72 NOTE
r-devel-windows-x86_64 1.0 12.00 413.00 425.00 NOTE
r-patched-linux-x86_64 1.0 2.44 319.71 322.15 NOTE
r-release-linux-x86_64 1.0 NOTE
r-release-macos-arm64 1.0 96.00 NOTE
r-release-macos-x86_64 1.0 164.00 NOTE
r-release-windows-x86_64 1.0 10.00 482.00 492.00 NOTE
r-oldrel-macos-arm64 1.0 137.00 NOTE
r-oldrel-macos-x86_64 1.0 296.00 NOTE
r-oldrel-windows-ix86+x86_64 1.0 7.00 593.00 600.00 NOTE

Check Details

Version: 1.0
Check: LazyData
Result: NOTE
     'LazyData' is specified without a 'data' directory
Flavors: r-devel-linux-x86_64-debian-clang, r-devel-linux-x86_64-debian-gcc, r-devel-linux-x86_64-fedora-clang, r-devel-linux-x86_64-fedora-gcc, r-devel-windows-x86_64, r-patched-linux-x86_64, r-release-linux-x86_64, r-release-macos-arm64, r-release-macos-x86_64, r-release-windows-x86_64, r-oldrel-macos-arm64, r-oldrel-macos-x86_64, r-oldrel-windows-ix86+x86_64

Version: 1.0
Check: HTML version of manual
Result: NOTE
    Found the following math rendering problems:
    atleast.one.endpoint.Rd:28: Can't use function '$' in math mode in $\mu_{Tk}-\mu_{C...
    atleast.one.endpoint.Rd:29: Can't use function '$' in math mode in $k\in\{1,\ldots,...
    mpe.t.test.Rd:22: Can't use function '$' in math mode in $\mu_{Tk}-\mu_{C...
    mpe.t.test.Rd:23: Can't use function '$' in math mode in $k\in\{1,\ldots,...
    mpe.z.test.Rd:23: Can't use function '$' in math mode in $\mu_{Tk}-\mu_{C...
    mpe.z.test.Rd:24: Can't use function '$' in math mode in $k\in\{1,\ldots,...
    power.known.var.Rd:29: Can't use function '$' in math mode in $\mu_{Tk}-\mu_{C...
    power.known.var.Rd:30: Can't use function '$' in math mode in $k\in\{1,\ldots,...
    power.unknown.var.Rd:33: Can't use function '$' in math mode in $\mu_{Tk}-\mu_{C...
    power.unknown.var.Rd:34: Can't use function '$' in math mode in $k\in\{1,\ldots,...
Flavors: r-devel-linux-x86_64-debian-clang, r-devel-linux-x86_64-debian-gcc, r-devel-linux-x86_64-fedora-clang, r-devel-linux-x86_64-fedora-gcc, r-devel-windows-x86_64