CRAN Package Check Results for Package mrMLM

Last updated on 2018-02-22 01:49:55 CET.

Flavor Version Tinstall Tcheck Ttotal Status Flags
r-devel-linux-x86_64-debian-clang 2.1 27.44 119.29 146.73 OK
r-devel-linux-x86_64-debian-gcc 2.1 21.73 101.94 123.67 OK
r-devel-linux-x86_64-fedora-clang 2.1 193.83 NOTE
r-devel-linux-x86_64-fedora-gcc 2.1 186.04 NOTE
r-devel-windows-ix86+x86_64 2.1 49.00 116.00 165.00 OK
r-patched-linux-x86_64 2.1 5.44 146.28 151.72 OK
r-patched-solaris-x86 2.1 201.40 OK
r-release-linux-x86_64 2.1 5.82 140.58 146.40 OK
r-release-windows-ix86+x86_64 2.1 18.00 156.00 174.00 OK
r-release-osx-x86_64 2.1 ERROR
r-oldrel-windows-ix86+x86_64 2.1 12.00 126.00 138.00 OK
r-oldrel-osx-x86_64 2.1 OK

Check Details

Version: 2.1
Check: installed package size
Result: NOTE
     installed size is 5.0Mb
     sub-directories of 1Mb or more:
     doc 1.6Mb
     extdata 2.5Mb
Flavors: r-devel-linux-x86_64-fedora-clang, r-devel-linux-x86_64-fedora-gcc

Version: 2.1
Check: package dependencies
Result: ERROR
    Packages required but not available: ‘gWidgetsRGtk2’ ‘RGtk2Extras’ ‘RGtk2’
    
    See section ‘The DESCRIPTION file’ in the ‘Writing R Extensions’
    manual.
Flavor: r-release-osx-x86_64