CRAN Package Check Results for Package mrfDepth

Last updated on 2021-04-15 02:47:45 CEST.

Flavor Version Tinstall Tcheck Ttotal Status Flags
r-devel-linux-x86_64-debian-clang 1.0.13 88.28 117.01 205.29 OK
r-devel-linux-x86_64-debian-gcc 1.0.13 63.34 89.11 152.45 OK
r-devel-linux-x86_64-fedora-clang 1.0.13 283.56 NOTE
r-devel-linux-x86_64-fedora-gcc 1.0.13 249.08 OK
r-devel-windows-ix86+x86_64 1.0.13 214.00 5.00 219.00 ERROR
r-devel-windows-x86_64-gcc10-UCRT 1.0.13 OK
r-patched-linux-x86_64 1.0.13 74.71 108.76 183.47 OK
r-patched-solaris-x86 1.0.13 279.30 OK
r-release-linux-x86_64 1.0.13 73.01 107.98 180.99 OK
r-release-macos-x86_64 1.0.13 NOTE
r-release-windows-ix86+x86_64 1.0.13 197.00 229.00 426.00 NOTE
r-oldrel-macos-x86_64 1.0.13 NOTE
r-oldrel-windows-ix86+x86_64 1.0.13 141.00 162.00 303.00 OK

Check Details

Version: 1.0.13
Check: installed package size
Result: NOTE
     installed size is 17.3Mb
     sub-directories of 1Mb or more:
     data 1.6Mb
     libs 15.2Mb
Flavors: r-devel-linux-x86_64-fedora-clang, r-release-macos-x86_64, r-release-windows-ix86+x86_64, r-oldrel-macos-x86_64

Version: 1.0.13
Check: whether package can be installed
Result: ERROR
    Installation failed.
    See * DONE
Flavor: r-devel-windows-ix86+x86_64