Last updated on 2022-07-03 03:50:01 CEST.
Flavor | Version | Tinstall | Tcheck | Ttotal | Status | Flags |
---|---|---|---|---|---|---|
r-devel-linux-x86_64-debian-clang | 0.2.1 | 7.93 | 124.94 | 132.87 | OK | |
r-devel-linux-x86_64-debian-gcc | 0.2.1 | 6.65 | 90.42 | 97.07 | OK | |
r-devel-linux-x86_64-fedora-clang | 0.2.1 | 167.44 | NOTE | |||
r-devel-linux-x86_64-fedora-gcc | 0.2.1 | 157.51 | OK | |||
r-devel-windows-x86_64 | 0.2.1 | 103.00 | 164.00 | 267.00 | OK | |
r-patched-linux-x86_64 | 0.2.1 | 11.23 | 114.64 | 125.87 | OK | |
r-release-linux-x86_64 | 0.2.1 | 6.88 | 113.35 | 120.23 | OK | |
r-release-macos-arm64 | 0.2.1 | 48.00 | OK | |||
r-release-macos-x86_64 | 0.2.1 | 91.00 | OK | |||
r-release-windows-x86_64 | 0.2.1 | 33.00 | 164.00 | 197.00 | OK | |
r-oldrel-macos-arm64 | 0.2.1 | 46.00 | OK | |||
r-oldrel-macos-x86_64 | 0.2.1 | 63.00 | OK | |||
r-oldrel-windows-ix86+x86_64 | 0.2.1 | 19.00 | 160.00 | 179.00 | OK |
Version: 0.2.1
Check: Rd cross-references
Result: NOTE
Undeclared package ‘processx’ in Rd xrefs
Flavor: r-devel-linux-x86_64-fedora-clang