CRAN Package Check Results for Package msaenet

Last updated on 2022-08-12 03:53:32 CEST.

Flavor Version Tinstall Tcheck Ttotal Status Flags
r-devel-linux-x86_64-debian-clang 3.1 11.09 142.54 153.63 NOTE
r-devel-linux-x86_64-debian-gcc 3.1 7.26 107.36 114.62 NOTE
r-devel-linux-x86_64-fedora-clang 3.1 194.43 NOTE
r-devel-linux-x86_64-fedora-gcc 3.1 193.35 NOTE
r-devel-windows-x86_64 3.1 32.00 176.00 208.00 NOTE
r-patched-linux-x86_64 3.1 10.34 136.07 146.41 NOTE
r-release-linux-x86_64 3.1 9.43 137.41 146.84 NOTE
r-release-macos-arm64 3.1 56.00 NOTE
r-release-macos-x86_64 3.1 79.00 NOTE
r-release-windows-x86_64 3.1 21.00 172.00 193.00 NOTE
r-oldrel-macos-arm64 3.1 73.00 NOTE
r-oldrel-macos-x86_64 3.1 133.00 NOTE
r-oldrel-windows-ix86+x86_64 3.1 20.00 170.00 190.00 NOTE

Check Details

Version: 3.1
Check: LazyData
Result: NOTE
     'LazyData' is specified without a 'data' directory
Flavors: r-devel-linux-x86_64-debian-clang, r-devel-linux-x86_64-debian-gcc, r-devel-linux-x86_64-fedora-clang, r-devel-linux-x86_64-fedora-gcc, r-devel-windows-x86_64, r-patched-linux-x86_64, r-release-linux-x86_64, r-release-macos-arm64, r-release-macos-x86_64, r-release-windows-x86_64, r-oldrel-macos-arm64, r-oldrel-macos-x86_64, r-oldrel-windows-ix86+x86_64